Last updated on 2023-12-06 03:50:00 CET.
Flavor | Version | Tinstall | Tcheck | Ttotal | Status | Flags |
---|---|---|---|---|---|---|
r-devel-linux-x86_64-debian-clang | 0.7.9 | 6.21 | 68.08 | 74.29 | NOTE | |
r-devel-linux-x86_64-debian-gcc | 0.7.9 | 4.84 | 52.23 | 57.07 | NOTE | |
r-devel-linux-x86_64-fedora-clang | 0.7.9 | 92.21 | OK | |||
r-devel-linux-x86_64-fedora-gcc | 0.7.9 | 92.96 | OK | |||
r-devel-windows-x86_64 | 0.7.9 | 8.00 | 72.00 | 80.00 | OK | |
r-patched-linux-x86_64 | 0.7.9 | 6.02 | 66.07 | 72.09 | OK | |
r-release-linux-x86_64 | 0.7.9 | 5.90 | 65.07 | 70.97 | OK | |
r-release-macos-arm64 | 0.7.9 | 28.00 | OK | |||
r-release-macos-x86_64 | 0.7.9 | 64.00 | OK | |||
r-release-windows-x86_64 | 0.7.9 | 9.00 | 84.00 | 93.00 | OK | |
r-oldrel-macos-arm64 | 0.7.9 | 31.00 | OK | |||
r-oldrel-macos-x86_64 | 0.7.9 | 46.00 | OK | |||
r-oldrel-windows-x86_64 | 0.7.9 | 9.00 | 87.00 | 96.00 | OK |
Version: 0.7.9
Check: Rd files
Result: NOTE
checkRd: (-1) gg_lm.Rd:44: Lost braces in \itemize; meant \describe ?
checkRd: (-1) gg_lm.Rd:45: Lost braces in \itemize; meant \describe ?
checkRd: (-1) gg_lm.Rd:46: Lost braces in \itemize; meant \describe ?
checkRd: (-1) gg_lm.Rd:47: Lost braces in \itemize; meant \describe ?
checkRd: (-1) half_normal.Rd:46: Lost braces in \itemize; meant \describe ?
checkRd: (-1) half_normal.Rd:47-48: Lost braces in \itemize; meant \describe ?
checkRd: (-1) half_normal.Rd:49-51: Lost braces in \itemize; meant \describe ?
checkRd: (-1) half_normal.Rd:52-53: Lost braces in \itemize; meant \describe ?
checkRd: (-1) half_normal.Rd:54-55: Lost braces in \itemize; meant \describe ?
checkRd: (-1) half_normal.Rd:56: Lost braces in \itemize; meant \describe ?
checkRd: (-1) half_normal.Rd:57-61: Lost braces in \itemize; meant \describe ?
checkRd: (-1) pareto_plot.Rd:40: Lost braces in \itemize; meant \describe ?
checkRd: (-1) pareto_plot.Rd:41-42: Lost braces in \itemize; meant \describe ?
checkRd: (-1) pareto_plot.Rd:43-45: Lost braces in \itemize; meant \describe ?
checkRd: (-1) pareto_plot.Rd:46-47: Lost braces in \itemize; meant \describe ?
checkRd: (-1) pareto_plot.Rd:48-49: Lost braces in \itemize; meant \describe ?
checkRd: (-1) pareto_plot.Rd:50: Lost braces in \itemize; meant \describe ?
checkRd: (-1) pareto_plot.Rd:51-55: Lost braces in \itemize; meant \describe ?
Flavors: r-devel-linux-x86_64-debian-clang, r-devel-linux-x86_64-debian-gcc