Last updated on 2023-12-07 16:49:32 CET.
Flavor | Version | Tinstall | Tcheck | Ttotal | Status | Flags |
---|---|---|---|---|---|---|
r-devel-linux-x86_64-debian-clang | 2.0.5 | 109.49 | 246.55 | 356.04 | NOTE | |
r-devel-linux-x86_64-debian-gcc | 2.0.5 | 86.68 | 177.82 | 264.50 | NOTE | |
r-devel-linux-x86_64-fedora-clang | 2.0.5 | 454.74 | NOTE | |||
r-devel-linux-x86_64-fedora-gcc | 2.0.5 | 482.86 | NOTE | |||
r-devel-windows-x86_64 | 2.0.5 | 74.00 | 213.00 | 287.00 | NOTE | |
r-patched-linux-x86_64 | 2.0.5 | 79.53 | 228.78 | 308.31 | NOTE | |
r-release-linux-x86_64 | 2.0.5 | 75.50 | 225.38 | 300.88 | NOTE | |
r-release-macos-arm64 | 2.0.5 | 164.00 | NOTE | |||
r-release-macos-x86_64 | 2.0.5 | 244.00 | NOTE | |||
r-release-windows-x86_64 | 2.0.5 | 95.00 | 255.00 | 350.00 | NOTE | |
r-oldrel-macos-arm64 | 2.0.5 | 149.00 | NOTE | |||
r-oldrel-macos-x86_64 | 2.0.5 | 190.00 | NOTE | |||
r-oldrel-windows-x86_64 | 2.0.5 | 91.00 | 266.00 | 357.00 | OK |
Version: 2.0.5
Check: C++ specification
Result: NOTE
Specified C++11: please drop specification unless essential
Flavors: r-devel-linux-x86_64-debian-clang, r-devel-linux-x86_64-debian-gcc, r-devel-linux-x86_64-fedora-clang, r-devel-linux-x86_64-fedora-gcc, r-devel-windows-x86_64, r-patched-linux-x86_64, r-release-linux-x86_64, r-release-macos-arm64, r-release-macos-x86_64, r-release-windows-x86_64
Version: 2.0.5
Check: installed package size
Result: NOTE
installed size is 35.0Mb
sub-directories of 1Mb or more:
libs 34.5Mb
Flavors: r-release-macos-arm64, r-release-macos-x86_64, r-oldrel-macos-arm64, r-oldrel-macos-x86_64