CRAN Package Check Results for Package gfer

Last updated on 2024-02-25 04:51:06 CET.

Flavor Version Tinstall Tcheck Ttotal Status Flags
r-devel-linux-x86_64-debian-clang 0.1.12 9.74 79.58 89.32 OK
r-devel-linux-x86_64-debian-gcc 0.1.12 7.11 60.10 67.21 OK
r-devel-linux-x86_64-fedora-clang 0.1.12 112.93 NOTE
r-devel-linux-x86_64-fedora-gcc 0.1.12 117.06 NOTE
r-devel-windows-x86_64 0.1.12 9.00 86.00 95.00 OK
r-patched-linux-x86_64 0.1.12 6.81 76.30 83.11 OK
r-release-linux-x86_64 0.1.12 5.99 74.26 80.25 OK
r-release-macos-arm64 0.1.12 38.00 OK
r-release-macos-x86_64 0.1.12 61.00 OK
r-release-windows-x86_64 0.1.12 12.00 102.00 114.00 OK
r-oldrel-macos-arm64 0.1.12 33.00 NOTE
r-oldrel-windows-x86_64 0.1.12 12.00 101.00 113.00 OK

Check Details

Version: 0.1.12
Check: dependencies in R code
Result: NOTE Namespaces in Imports field not imported from: ‘googlesheets4’ ‘tidyr’ All declared Imports should be used. Flavors: r-devel-linux-x86_64-fedora-clang, r-devel-linux-x86_64-fedora-gcc, r-oldrel-macos-arm64