CRAN Package Check Results for Package getTBinR

Last updated on 2020-08-08 03:50:40 CEST.

Flavor Version Tinstall Tcheck Ttotal Status Flags
r-devel-linux-x86_64-debian-clang 0.7.1 7.16 158.62 165.78 OK
r-devel-linux-x86_64-debian-gcc 0.7.1 6.03 117.11 123.14 OK
r-devel-linux-x86_64-fedora-clang 0.7.1 199.65 OK
r-devel-linux-x86_64-fedora-gcc 0.7.1 190.60 OK
r-devel-windows-ix86+x86_64 0.7.1 31.00 235.00 266.00 OK
r-patched-linux-x86_64 0.7.1 7.23 151.61 158.84 OK
r-patched-solaris-x86 0.7.1 267.30 NOTE
r-release-linux-x86_64 0.7.1 7.34 151.79 159.13 OK
r-release-macos-x86_64 0.7.1 OK
r-release-windows-ix86+x86_64 0.7.1 30.00 169.00 199.00 OK
r-oldrel-macos-x86_64 0.7.1 OK
r-oldrel-windows-ix86+x86_64 0.7.1 15.00 183.00 198.00 OK

Check Details

Version: 0.7.1
Check: installed package size
Result: NOTE
     installed size is 5.4Mb
     sub-directories of 1Mb or more:
     doc 3.2Mb
     help 1.7Mb
Flavor: r-patched-solaris-x86