CRAN Package Check Results for Package gert

Last updated on 2020-08-13 15:51:03 CEST.

Flavor Version Tinstall Tcheck Ttotal Status Flags
r-devel-linux-x86_64-debian-clang 0.3 5.83 24.93 30.76 OK
r-devel-linux-x86_64-debian-gcc 0.3 4.37 19.85 24.22 OK
r-devel-linux-x86_64-fedora-clang 0.3 47.31 OK
r-devel-linux-x86_64-fedora-gcc 0.3 37.28 OK
r-devel-windows-ix86+x86_64 0.3 35.00 95.00 130.00 NOTE
r-patched-linux-x86_64 0.3 5.05 25.29 30.34 OK
r-release-linux-x86_64 0.3 5.06 25.42 30.48 OK
r-release-macos-x86_64 0.3 OK
r-release-windows-ix86+x86_64 0.3 35.00 118.00 153.00 NOTE
r-oldrel-macos-x86_64 0.3 OK
r-oldrel-windows-ix86+x86_64 0.3 31.00 131.00 162.00 NOTE

Check Details

Version: 0.3
Check: installed package size
Result: NOTE
     installed size is 7.2Mb
     sub-directories of 1Mb or more:
     libs 7.1Mb
Flavors: r-devel-windows-ix86+x86_64, r-release-windows-ix86+x86_64, r-oldrel-windows-ix86+x86_64