CRAN Package Check Results for Package germinationmetrics

Last updated on 2020-08-04 03:47:50 CEST.

Flavor Version Tinstall Tcheck Ttotal Status Flags
r-devel-linux-x86_64-debian-clang 0.1.4 8.96 83.89 92.85 OK
r-devel-linux-x86_64-debian-gcc 0.1.4 6.82 61.72 68.54 OK
r-devel-linux-x86_64-fedora-clang 0.1.4 115.46 OK
r-devel-linux-x86_64-fedora-gcc 0.1.4 105.11 OK
r-devel-windows-ix86+x86_64 0.1.4 28.00 99.00 127.00 OK
r-patched-linux-x86_64 0.1.4 8.28 81.12 89.40 OK
r-patched-solaris-x86 0.1.4 133.60 WARN
r-release-linux-x86_64 0.1.4 8.54 80.69 89.23 OK
r-release-macos-x86_64 0.1.4 WARN
r-release-windows-ix86+x86_64 0.1.4 24.00 143.00 167.00 OK
r-oldrel-macos-x86_64 0.1.4 WARN
r-oldrel-windows-ix86+x86_64 0.1.4 16.00 92.00 108.00 OK

Check Details

Version: 0.1.4
Check: re-building of vignette outputs
Result: WARN
    Error(s) in re-building vignettes:
     ...
    --- re-building ‘Introduction.Rmd’ using rmarkdown_notangle
    Warning in engine$weave(file, quiet = quiet, encoding = enc) :
     Pandoc (>= 1.12.3) and/or pandoc-citeproc not available. Falling back to R Markdown v1.
    Quitting from lines 53-60 (Introduction.Rmd)
    Error: processing vignette 'Introduction.Rmd' failed with diagnostics:
    EXPR must be a length 1 vector
    --- failed re-building ‘Introduction.Rmd’
    
    SUMMARY: processing the following file failed:
     ‘Introduction.Rmd’
    
    Error: Vignette re-building failed.
    Execution halted
Flavors: r-patched-solaris-x86, r-release-macos-x86_64, r-oldrel-macos-x86_64