CRAN Package Check Results for Package geospt

Last updated on 2024-02-23 16:53:18 CET.

Flavor Version Tinstall Tcheck Ttotal Status Flags
r-devel-linux-x86_64-debian-clang 1.0-3 OK
r-devel-linux-x86_64-debian-gcc 1.0-4 8.04 83.71 91.75 OK
r-devel-linux-x86_64-fedora-clang 1.0-4 157.64 NOTE
r-devel-linux-x86_64-fedora-gcc 1.0-4 153.89 NOTE
r-devel-windows-x86_64 1.0-3 9.00 94.00 103.00 OK
r-patched-linux-x86_64 1.0-4 16.62 106.18 122.80 OK
r-release-linux-x86_64 1.0-3 7.18 106.67 113.85 OK
r-release-macos-arm64 1.0-4 49.00 OK
r-release-macos-x86_64 1.0-4 86.00 OK
r-release-windows-x86_64 1.0-4 14.00 124.00 138.00 OK
r-oldrel-macos-arm64 1.0-4 47.00 OK
r-oldrel-windows-x86_64 1.0-4 14.00 133.00 147.00 OK

Check Details

Version: 1.0-4
Check: data for non-ASCII characters
Result: NOTE Note: found 1 marked UTF-8 string Flavors: r-devel-linux-x86_64-fedora-clang, r-devel-linux-x86_64-fedora-gcc