CRAN Package Check Results for Package geojsonsf

Last updated on 2020-05-25 15:49:01 CEST.

Flavor Version Tinstall Tcheck Ttotal Status Flags
r-devel-linux-x86_64-debian-clang 1.3.3 103.98 35.84 139.82 OK
r-devel-linux-x86_64-debian-gcc 1.3.3 80.42 28.09 108.51 OK
r-devel-linux-x86_64-fedora-clang 1.3.3 184.58 NOTE
r-devel-linux-x86_64-fedora-gcc 1.3.3 179.93 NOTE
r-devel-windows-ix86+x86_64 1.3.3 233.00 102.00 335.00 OK
r-patched-linux-x86_64 1.3.3 80.53 34.98 115.51 OK
r-patched-solaris-x86 1.3.3 160.80 NOTE
r-release-linux-x86_64 1.3.3 86.56 35.26 121.82 OK
r-release-osx-x86_64 1.3.3 NOTE
r-release-windows-ix86+x86_64 1.3.3 176.00 98.00 274.00 OK
r-oldrel-osx-x86_64 1.3.3 NOTE
r-oldrel-windows-ix86+x86_64 1.3.3 183.00 102.00 285.00 OK

Check Details

Version: 1.3.3
Check: installed package size
Result: NOTE
     installed size is 9.5Mb
     sub-directories of 1Mb or more:
     help 1.3Mb
     libs 7.4Mb
Flavors: r-devel-linux-x86_64-fedora-clang, r-release-osx-x86_64, r-oldrel-osx-x86_64

Version: 1.3.3
Check: dependencies in R code
Result: NOTE
    Namespace in Imports field not imported from: ‘jsonify’
     All declared Imports should be used.
Flavors: r-devel-linux-x86_64-fedora-clang, r-devel-linux-x86_64-fedora-gcc, r-patched-solaris-x86, r-release-osx-x86_64, r-oldrel-osx-x86_64