CRAN Package Check Results for Package geodist

Last updated on 2024-03-02 16:54:46 CET.

Flavor Version Tinstall Tcheck Ttotal Status Flags
r-devel-linux-x86_64-debian-clang 0.0.8 6.90 33.92 40.82 NOTE
r-devel-linux-x86_64-debian-gcc 0.0.8 6.13 26.46 32.59 NOTE
r-devel-linux-x86_64-fedora-clang 0.0.8 51.87 NOTE
r-devel-linux-x86_64-fedora-gcc 0.0.8 64.21 NOTE
r-devel-windows-x86_64 0.0.8 13.00 49.00 62.00 OK
r-patched-linux-x86_64 0.0.8 7.67 32.82 40.49 OK
r-release-linux-x86_64 0.0.8 6.86 33.43 40.29 OK
r-release-macos-arm64 0.0.8 28.00 OK
r-release-macos-x86_64 0.0.8 43.00 OK
r-release-windows-x86_64 0.0.8 15.00 54.00 69.00 OK
r-oldrel-macos-arm64 0.0.8 26.00 OK
r-oldrel-windows-x86_64 0.0.8 16.00 53.00 69.00 OK

Check Details

Version: 0.0.8
Check: Rd files
Result: NOTE checkRd: (-1) geodist.Rd:59: Lost braces 59 | code{sf::st_dist()} function. | ^ checkRd: (-1) geodist_vec.Rd:65: Lost braces 65 | code{sf::st_dist()} function. | ^ checkRd: (-1) georange.Rd:36: Lost braces 36 | code{sf::st_dist()} function. | ^ Flavors: r-devel-linux-x86_64-debian-clang, r-devel-linux-x86_64-debian-gcc, r-devel-linux-x86_64-fedora-clang, r-devel-linux-x86_64-fedora-gcc