CRAN Package Check Results for Package geobr

Last updated on 2020-08-03 05:48:47 CEST.

Flavor Version Tinstall Tcheck Ttotal Status Flags
r-devel-linux-x86_64-debian-clang 1.3 4.44 63.73 68.17 OK
r-devel-linux-x86_64-debian-gcc 1.3 3.54 49.07 52.61 OK
r-devel-linux-x86_64-fedora-clang 1.3 93.07 NOTE
r-devel-linux-x86_64-fedora-gcc 1.3 81.57 NOTE
r-devel-windows-ix86+x86_64 1.3 24.00 102.00 126.00 OK
r-patched-linux-x86_64 1.3 4.41 62.46 66.87 OK
r-patched-solaris-x86 1.3 123.00 NOTE
r-release-linux-x86_64 1.3 4.65 63.05 67.70 OK
r-release-macos-x86_64 1.3 NOTE
r-release-windows-ix86+x86_64 1.3 24.00 149.00 173.00 OK
r-oldrel-macos-x86_64 1.3 NOTE
r-oldrel-windows-ix86+x86_64 1.3 13.00 101.00 114.00 OK

Check Details

Version: 1.3
Check: data for non-ASCII characters
Result: NOTE
     Note: found 58 marked UTF-8 strings
Flavors: r-devel-linux-x86_64-fedora-clang, r-devel-linux-x86_64-fedora-gcc, r-patched-solaris-x86, r-release-macos-x86_64, r-oldrel-macos-x86_64