CRAN Package Check Results for Package geobr

Last updated on 2024-03-01 16:49:20 CET.

Flavor Version Tinstall Tcheck Ttotal Status Flags
r-devel-linux-x86_64-debian-clang 1.8.2 4.73 81.50 86.23 OK
r-devel-linux-x86_64-debian-gcc 1.8.2 4.38 62.26 66.64 OK
r-devel-linux-x86_64-fedora-clang 1.8.2 110.09 NOTE
r-devel-linux-x86_64-fedora-gcc 1.8.2 124.95 NOTE
r-devel-windows-x86_64 1.8.2 7.00 85.00 92.00 OK
r-patched-linux-x86_64 1.8.2 7.21 79.81 87.02 OK
r-release-linux-x86_64 1.8.2 5.56 80.33 85.89 OK
r-release-macos-arm64 1.8.2 42.00 OK
r-release-macos-x86_64 1.8.2 79.00 OK
r-release-windows-x86_64 1.8.2 10.00 100.00 110.00 OK
r-oldrel-macos-arm64 1.8.2 37.00 OK
r-oldrel-windows-x86_64 1.8.2 10.00 96.00 106.00 OK

Check Details

Version: 1.8.2
Check: data for non-ASCII characters
Result: NOTE Note: found 58 marked UTF-8 strings Flavors: r-devel-linux-x86_64-fedora-clang, r-devel-linux-x86_64-fedora-gcc