CRAN Package Check Results for Package genridge

Last updated on 2020-08-11 03:47:48 CEST.

Flavor Version Tinstall Tcheck Ttotal Status Flags
r-devel-linux-x86_64-debian-clang 0.6.7 6.36 48.54 54.90 OK
r-devel-linux-x86_64-debian-gcc 0.6.7 5.07 36.18 41.25 OK
r-devel-linux-x86_64-fedora-clang 0.6.7 73.37 OK
r-devel-linux-x86_64-fedora-gcc 0.6.7 61.28 OK
r-devel-windows-ix86+x86_64 0.6.7 19.00 90.00 109.00 OK
r-patched-linux-x86_64 0.6.7 5.35 46.61 51.96 OK
r-patched-solaris-x86 0.6.7 100.80 OK
r-release-linux-x86_64 0.6.7 5.78 46.49 52.27 OK
r-release-macos-x86_64 0.6.7 OK
r-release-windows-ix86+x86_64 0.6.7 20.00 65.00 85.00 OK
r-oldrel-macos-x86_64 0.6.7 NOTE
r-oldrel-windows-ix86+x86_64 0.6.7 9.00 97.00 106.00 OK

Check Details

Version: 0.6.7
Check: dependencies in R code
Result: NOTE
    No protocol specified
Flavor: r-oldrel-macos-x86_64