CRAN Package Check Results for Package genotypeR

Last updated on 2020-08-11 03:47:48 CEST.

Flavor Version Tinstall Tcheck Ttotal Status Flags
r-devel-linux-x86_64-debian-clang 0.0.1.8 9.79 100.49 110.28 NOTE
r-devel-linux-x86_64-debian-gcc 0.0.1.8 9.62 75.25 84.87 NOTE
r-devel-linux-x86_64-fedora-clang 0.0.1.8 138.06 NOTE
r-devel-linux-x86_64-fedora-gcc 0.0.1.8 129.34 NOTE
r-devel-windows-ix86+x86_64 0.0.1.8 23.00 157.00 180.00 NOTE
r-patched-linux-x86_64 0.0.1.8 11.08 96.84 107.92 NOTE
r-patched-solaris-x86 0.0.1.8 200.90 NOTE
r-release-linux-x86_64 0.0.1.8 10.30 96.14 106.44 NOTE
r-release-macos-x86_64 0.0.1.8 NOTE
r-release-windows-ix86+x86_64 0.0.1.8 36.00 148.00 184.00 NOTE
r-oldrel-macos-x86_64 0.0.1.8 NOTE
r-oldrel-windows-ix86+x86_64 0.0.1.8 24.00 98.00 122.00 OK

Check Details

Version: 0.0.1.8
Check: package vignettes
Result: NOTE
    Package vignette with placeholder title 'Vignette Title':
     'genotypeR.Rmd'
Flavors: r-devel-linux-x86_64-debian-clang, r-devel-linux-x86_64-debian-gcc, r-devel-windows-ix86+x86_64, r-patched-linux-x86_64, r-release-linux-x86_64, r-release-windows-ix86+x86_64

Version: 0.0.1.8
Check: for non-standard things in the check directory
Result: NOTE
    Found the following files/directories:
     'test.csv' 'test_temp_cross.csv'
Flavors: r-devel-linux-x86_64-debian-clang, r-devel-linux-x86_64-debian-gcc, r-devel-linux-x86_64-fedora-clang, r-devel-linux-x86_64-fedora-gcc, r-patched-linux-x86_64, r-patched-solaris-x86, r-release-linux-x86_64

Version: 0.0.1.8
Check: dependencies in R code
Result: NOTE
    Namespace in Imports field not imported from: ‘colorspace’
     All declared Imports should be used.
Flavors: r-devel-linux-x86_64-fedora-clang, r-devel-linux-x86_64-fedora-gcc, r-patched-solaris-x86, r-release-macos-x86_64, r-oldrel-macos-x86_64