CRAN Package Check Results for Package genie

Last updated on 2024-06-24 16:57:03 CEST.

Flavor Version Tinstall Tcheck Ttotal Status Flags
r-devel-linux-x86_64-debian-clang 1.0.5 82.61 30.98 113.59 NOTE
r-devel-linux-x86_64-debian-gcc 1.0.5 49.24 25.61 74.85 NOTE
r-devel-linux-x86_64-fedora-clang 1.0.5 178.36 NOTE
r-devel-linux-x86_64-fedora-gcc 1.0.5 160.88 NOTE
r-devel-windows-x86_64 1.0.5 57.00 77.00 134.00 NOTE
r-patched-linux-x86_64 1.0.5 71.35 30.81 102.16 NOTE
r-release-linux-x86_64 1.0.5 65.27 31.28 96.55 NOTE
r-release-macos-arm64 1.0.5 36.00 NOTE
r-release-macos-x86_64 1.0.5 40.00 NOTE
r-release-windows-x86_64 1.0.5 59.00 79.00 138.00 NOTE
r-oldrel-macos-arm64 1.0.5 44.00 NOTE
r-oldrel-macos-x86_64 1.0.5 67.00 NOTE
r-oldrel-windows-x86_64 1.0.5 57.00 81.00 138.00 NOTE

Check Details

Version: 1.0.5
Check: C++ specification
Result: NOTE Specified C++11: please drop specification unless essential Flavors: r-devel-linux-x86_64-debian-clang, r-devel-linux-x86_64-debian-gcc, r-devel-linux-x86_64-fedora-clang, r-devel-linux-x86_64-fedora-gcc, r-devel-windows-x86_64, r-patched-linux-x86_64, r-release-linux-x86_64, r-release-macos-arm64, r-release-macos-x86_64, r-release-windows-x86_64, r-oldrel-macos-arm64, r-oldrel-macos-x86_64, r-oldrel-windows-x86_64