Last updated on 2023-11-28 16:48:19 CET.
Flavor | Version | Tinstall | Tcheck | Ttotal | Status | Flags |
---|---|---|---|---|---|---|
r-devel-linux-x86_64-debian-clang | 1.0.5 | 72.35 | 32.27 | 104.62 | NOTE | |
r-devel-linux-x86_64-debian-gcc | 1.0.5 | 50.03 | 25.30 | 75.33 | NOTE | |
r-devel-linux-x86_64-fedora-clang | 1.0.5 | 184.89 | NOTE | |||
r-devel-linux-x86_64-fedora-gcc | 1.0.5 | 156.06 | NOTE | |||
r-devel-windows-x86_64 | 1.0.5 | 48.00 | 78.00 | 126.00 | NOTE | |
r-patched-linux-x86_64 | 1.0.5 | 67.43 | 31.19 | 98.62 | NOTE | |
r-release-linux-x86_64 | 1.0.5 | 58.41 | 32.14 | 90.55 | NOTE | |
r-release-macos-arm64 | 1.0.5 | 44.00 | NOTE | |||
r-release-macos-x86_64 | 1.0.5 | 67.00 | NOTE | |||
r-release-windows-x86_64 | 1.0.5 | 76.00 | 78.00 | 154.00 | NOTE | |
r-oldrel-macos-arm64 | 1.0.5 | 48.00 | OK | |||
r-oldrel-macos-x86_64 | 1.0.5 | 51.00 | OK | |||
r-oldrel-windows-x86_64 | 1.0.5 | 76.00 | 78.00 | 154.00 | OK |
Version: 1.0.5
Check: C++ specification
Result: NOTE
Specified C++11: please drop specification unless essential
Flavors: r-devel-linux-x86_64-debian-clang, r-devel-linux-x86_64-debian-gcc, r-devel-linux-x86_64-fedora-clang, r-devel-linux-x86_64-fedora-gcc, r-devel-windows-x86_64, r-patched-linux-x86_64, r-release-linux-x86_64, r-release-macos-arm64, r-release-macos-x86_64, r-release-windows-x86_64