CRAN Package Check Results for Package genetics

Last updated on 2020-07-02 15:53:58 CEST.

Flavor Version Tinstall Tcheck Ttotal Status Flags
r-devel-linux-x86_64-debian-clang 1.3.8.1.2 6.45 68.33 74.78 NOTE
r-devel-linux-x86_64-debian-gcc 1.3.8.1.2 5.05 50.94 55.99 NOTE
r-devel-linux-x86_64-fedora-clang 1.3.8.1.2 94.05 NOTE
r-devel-linux-x86_64-fedora-gcc 1.3.8.1.2 84.95 NOTE
r-devel-windows-ix86+x86_64 1.3.8.1.2 13.00 97.00 110.00 OK
r-patched-linux-x86_64 1.3.8.1.2 5.33 66.52 71.85 NOTE
r-patched-solaris-x86 1.3.8.1.2 106.90 NOTE
r-release-linux-x86_64 1.3.8.1.2 5.46 66.66 72.12 NOTE
r-release-osx-x86_64 1.3.8.1.2 NOTE
r-release-windows-ix86+x86_64 1.3.8.1.2 10.00 71.00 81.00 OK
r-oldrel-osx-x86_64 1.3.8.1.2 NOTE
r-oldrel-windows-ix86+x86_64 1.3.8.1.2 11.00 101.00 112.00 OK

Check Details

Version: 1.3.8.1.2
Check: Rd cross-references
Result: NOTE
    Package unavailable to check Rd xrefs: 'GeneticsDesign'
Flavors: r-devel-linux-x86_64-debian-clang, r-devel-linux-x86_64-debian-gcc, r-devel-linux-x86_64-fedora-gcc, r-patched-linux-x86_64, r-patched-solaris-x86, r-release-linux-x86_64, r-release-osx-x86_64, r-oldrel-osx-x86_64

Version: 1.3.8.1.2
Check: Rd cross-references
Result: NOTE
    Undeclared packages ‘bootstrap’, ‘GeneticsDesign’ in Rd xrefs
    Package unavailable to check Rd xrefs: ‘GeneticsDesign’
Flavor: r-devel-linux-x86_64-fedora-clang