Last updated on 2023-11-30 16:49:23 CET.
Flavor | Version | Tinstall | Tcheck | Ttotal | Status | Flags |
---|---|---|---|---|---|---|
r-devel-linux-x86_64-debian-clang | 0.4.0 | 21.64 | 191.21 | 212.85 | OK | |
r-devel-linux-x86_64-debian-gcc | 0.4.0 | 14.52 | 139.85 | 154.37 | OK | |
r-devel-linux-x86_64-fedora-clang | 0.4.0 | 267.48 | NOTE | |||
r-devel-linux-x86_64-fedora-gcc | 0.4.0 | 257.00 | NOTE | |||
r-devel-windows-x86_64 | 0.4.0 | 19.00 | 141.00 | 160.00 | OK | |
r-patched-linux-x86_64 | 0.4.0 | 22.00 | 180.03 | 202.03 | OK | |
r-release-linux-x86_64 | 0.4.0 | 14.73 | 178.96 | 193.69 | OK | |
r-release-macos-arm64 | 0.4.0 | 78.00 | OK | |||
r-release-macos-x86_64 | 0.4.0 | 129.00 | OK | |||
r-release-windows-x86_64 | 0.4.0 | 24.00 | 181.00 | 205.00 | OK | |
r-oldrel-macos-arm64 | 0.4.0 | 37.00 | NOTE | |||
r-oldrel-macos-x86_64 | 0.4.0 | 69.00 | NOTE | |||
r-oldrel-windows-x86_64 | 0.4.0 | 23.00 | 178.00 | 201.00 | OK |
Version: 0.4.0
Check: dependencies in R code
Result: NOTE
Namespaces in Imports field not imported from:
‘GGEBiplots’ ‘calibrate’ ‘graphics’ ‘matrixStats’ ‘prettydoc’
‘reshape2’
All declared Imports should be used.
Flavors: r-devel-linux-x86_64-fedora-clang, r-devel-linux-x86_64-fedora-gcc, r-oldrel-macos-arm64, r-oldrel-macos-x86_64