CRAN Package Check Results for Package genepop

Last updated on 2020-08-13 15:51:03 CEST.

Flavor Version Tinstall Tcheck Ttotal Status Flags
r-devel-linux-x86_64-debian-clang 1.1.7 141.42 50.19 191.61 OK
r-devel-linux-x86_64-debian-gcc 1.1.7 112.50 31.27 143.77 OK
r-devel-linux-x86_64-fedora-clang 1.1.7 278.36 NOTE
r-devel-linux-x86_64-fedora-gcc 1.1.7 247.19 OK
r-devel-windows-ix86+x86_64 1.1.7 337.00 90.00 427.00 NOTE
r-patched-linux-x86_64 1.1.7 119.62 39.62 159.24 OK
r-patched-solaris-x86 1.1.7 223.60 OK
r-release-linux-x86_64 1.1.7 119.18 39.48 158.66 OK
r-release-macos-x86_64 1.1.7 NOTE
r-release-windows-ix86+x86_64 1.1.7 335.00 115.00 450.00 NOTE
r-oldrel-macos-x86_64 1.1.7 NOTE
r-oldrel-windows-ix86+x86_64 1.1.7 223.00 79.00 302.00 OK

Check Details

Version: 1.1.7
Check: installed package size
Result: NOTE
     installed size is 13.9Mb
     sub-directories of 1Mb or more:
     doc 1.0Mb
     libs 11.8Mb
Flavors: r-devel-linux-x86_64-fedora-clang, r-devel-windows-ix86+x86_64, r-release-macos-x86_64, r-release-windows-ix86+x86_64, r-oldrel-macos-x86_64