CRAN Package Check Results for Package geneNetBP

Last updated on 2020-08-15 03:48:04 CEST.

Flavor Version Tinstall Tcheck Ttotal Status Flags
r-devel-linux-x86_64-debian-clang 2.0.1 12.40 112.61 125.01 NOTE
r-devel-linux-x86_64-debian-gcc 2.0.1 9.74 86.71 96.45 NOTE
r-devel-linux-x86_64-fedora-clang 2.0.1 160.18 NOTE
r-devel-linux-x86_64-fedora-gcc 2.0.1 150.12 NOTE
r-devel-windows-ix86+x86_64 2.0.1 33.00 147.00 180.00 NOTE
r-patched-linux-x86_64 2.0.1 12.23 110.05 122.28 NOTE
r-patched-solaris-x86 2.0.1 223.00 NOTE
r-release-linux-x86_64 2.0.1 10.05 110.35 120.40 NOTE
r-release-macos-x86_64 2.0.1 NOTE
r-release-windows-ix86+x86_64 2.0.1 31.00 152.00 183.00 NOTE
r-oldrel-macos-x86_64 2.0.1 NOTE
r-oldrel-windows-ix86+x86_64 2.0.1 23.00 137.00 160.00 NOTE

Check Details

Version: 2.0.1
Check: package dependencies
Result: NOTE
    Package suggested but not available for checking: 'RHugin'
Flavors: r-devel-linux-x86_64-debian-clang, r-devel-linux-x86_64-debian-gcc, r-devel-linux-x86_64-fedora-clang, r-devel-linux-x86_64-fedora-gcc, r-devel-windows-ix86+x86_64, r-patched-linux-x86_64, r-patched-solaris-x86, r-release-linux-x86_64, r-release-macos-x86_64, r-release-windows-ix86+x86_64, r-oldrel-macos-x86_64, r-oldrel-windows-ix86+x86_64

Version: 2.0.1
Check: R code for possible problems
Result: NOTE
    fit.dbn: no visible global function definition for 'as'
    Undefined global functions or variables:
     as
    Consider adding
     importFrom("methods", "as")
    to your NAMESPACE file (and ensure that your DESCRIPTION Imports field
    contains 'methods').
Flavors: r-devel-linux-x86_64-debian-clang, r-devel-linux-x86_64-debian-gcc, r-devel-linux-x86_64-fedora-clang, r-devel-linux-x86_64-fedora-gcc, r-devel-windows-ix86+x86_64, r-patched-linux-x86_64, r-patched-solaris-x86, r-release-linux-x86_64, r-release-macos-x86_64, r-release-windows-ix86+x86_64, r-oldrel-macos-x86_64, r-oldrel-windows-ix86+x86_64