CRAN Package Check Results for Package genBart

Last updated on 2020-08-10 06:47:26 CEST.

Flavor Version Tinstall Tcheck Ttotal Status Flags
r-devel-linux-x86_64-debian-clang 1.0.1 123.81 392.08 515.89 OK
r-devel-linux-x86_64-debian-gcc 1.0.1 117.33 296.05 413.38 OK
r-devel-linux-x86_64-fedora-clang 1.0.1 662.83 NOTE
r-devel-linux-x86_64-fedora-gcc 1.0.1 652.40 NOTE
r-devel-windows-ix86+x86_64 1.0.1 161.00 549.00 710.00 OK
r-patched-linux-x86_64 1.0.1 132.62 375.29 507.91 OK
r-patched-solaris-x86 1.0.1 1257.00 NOTE
r-release-linux-x86_64 1.0.1 129.28 377.15 506.43 OK
r-release-macos-x86_64 1.0.1 NOTE
r-release-windows-ix86+x86_64 1.0.1 202.00 532.00 734.00 OK
r-oldrel-macos-x86_64 1.0.1 ERROR
r-oldrel-windows-ix86+x86_64 1.0.1 171.00 373.00 544.00 OK

Check Details

Version: 1.0.1
Check: dependencies in R code
Result: NOTE
    Namespaces in Imports field not imported from:
     ‘NMF’ ‘RColorBrewer’ ‘VennDiagram’ ‘clValid’ ‘data.table’ ‘grid’
     ‘gtools’ ‘pca3d’ ‘rmarkdown’ ‘scales’ ‘shinydashboard’ ‘shinyjs’
     ‘statmod’ ‘stringr’
     All declared Imports should be used.
Flavors: r-devel-linux-x86_64-fedora-clang, r-devel-linux-x86_64-fedora-gcc, r-patched-solaris-x86, r-release-macos-x86_64, r-oldrel-macos-x86_64

Version: 1.0.1
Check: tests
Result: ERROR
     Running ‘testthat.R’ [9s/9s]
    Running the tests in ‘tests/testthat.R’ failed.
    Last 13 lines of output:
     [1] "clustering genes from baseline samples normalized to mean..."
     [1] "clustering genes from all samples normalized to mean..."
     [1] "clustering genes from all samples normalized to baseline..."
     [1] "clustering genes from baseline samples normalized to mean..."
     [1] "clustering genes from baseline samples normalized to controls..."
     [1] "clustering genes from all samples normalized to mean..."
     [1] "clustering genes from all samples normalized to controls..."
     [1] "clustering genes from all samples normalized to baseline..."
     ══ testthat results ═══════════════════════════════════════════════════════════
     [ OK: 134 | SKIPPED: 0 | WARNINGS: 1 | FAILED: 2 ]
     1. Error: genModelResults outputs correctly for one comparison (@test_genModelResults.R#64)
     2. Error: genModelResults outputs correctly for multiple comparisons (@test_genModelResults.R#85)
    
     Error: testthat unit tests failed
     Execution halted
Flavor: r-oldrel-macos-x86_64