Last updated on 2023-12-01 16:51:18 CET.
Flavor | Version | Tinstall | Tcheck | Ttotal | Status | Flags |
---|---|---|---|---|---|---|
r-devel-linux-x86_64-debian-clang | 4.13-26 | 12.79 | 24.23 | 37.02 | OK | |
r-devel-linux-x86_64-debian-gcc | 4.13-26 | 3.92 | 19.03 | 22.95 | OK | |
r-devel-linux-x86_64-fedora-clang | 4.13-26 | 45.27 | OK | |||
r-devel-linux-x86_64-fedora-gcc | 4.13-26 | 36.07 | OK | |||
r-devel-windows-x86_64 | 4.13-26 | 8.00 | 45.00 | 53.00 | WARN | |
r-patched-linux-x86_64 | 4.13-26 | 4.95 | 23.92 | 28.87 | OK | |
r-release-linux-x86_64 | 4.13-25 | 4.63 | 23.71 | 28.34 | OK | |
r-release-macos-arm64 | 4.13-26 | 35.00 | OK | |||
r-release-macos-x86_64 | 4.13-25 | 27.00 | OK | |||
r-release-windows-x86_64 | 4.13-26 | 9.00 | 46.00 | 55.00 | OK | |
r-oldrel-macos-arm64 | 4.13-26 | 38.00 | OK | |||
r-oldrel-macos-x86_64 | 4.13-25 | 27.00 | OK | |||
r-oldrel-windows-x86_64 | 4.13-26 | 8.00 | 50.00 | 58.00 | OK |
Version: 4.13-26
Check: whether package can be installed
Result: WARN
Found the following significant warnings:
ugee.c:813:54: warning: format '%lu' expects argument of type 'long unsigned int', but argument 2 has type 'long long unsigned int' [-Wformat=]
See 'd:/Rcompile/CRANpkg/local/4.4/gee.Rcheck/00install.out' for details.
* used C compiler: 'gcc.exe (GCC) 12.3.0'
* used Fortran compiler: 'GNU Fortran (GCC) 12.3.0'
Flavor: r-devel-windows-x86_64