CRAN Package Check Results for Package gdmp

Last updated on 2020-06-01 15:47:43 CEST.

Flavor Version Tinstall Tcheck Ttotal Status Flags
r-devel-linux-x86_64-debian-clang 0.2.0 4.89 23.54 28.43 OK
r-devel-linux-x86_64-debian-gcc 0.2.0 3.85 18.82 22.67 OK
r-devel-linux-x86_64-fedora-clang 0.2.0 42.82 NOTE
r-devel-linux-x86_64-fedora-gcc 0.2.0 33.86 NOTE
r-devel-windows-ix86+x86_64 0.2.0 22.00 61.00 83.00 OK
r-patched-linux-x86_64 0.2.0 4.51 23.45 27.96 OK
r-patched-solaris-x86 0.2.0 51.30 OK
r-release-linux-x86_64 0.2.0 4.23 23.51 27.74 OK
r-release-osx-x86_64 0.2.0 OK
r-release-windows-ix86+x86_64 0.2.0 17.00 42.00 59.00 OK
r-oldrel-osx-x86_64 0.2.0 OK
r-oldrel-windows-ix86+x86_64 0.2.0 16.00 61.00 77.00 OK

Check Details

Version: 0.2.0
Check: compiled code
Result: NOTE
    File ‘gdmp/libs/gdmp.so’:
     Found no calls to: ‘R_registerRoutines’, ‘R_useDynamicSymbols’
    
    It is good practice to register native routines and to disable symbol
    search.
    
    See ‘Writing portable packages’ in the ‘Writing R Extensions’ manual.
Flavors: r-devel-linux-x86_64-fedora-clang, r-devel-linux-x86_64-fedora-gcc