CRAN Package Check Results for Package gdata

Last updated on 2024-03-05 04:57:38 CET.

Flavor Version Tinstall Tcheck Ttotal Status Flags
r-devel-linux-x86_64-debian-clang 3.0.0 4.95 54.54 59.49 NOTE
r-devel-linux-x86_64-debian-gcc 3.0.0 3.19 41.96 45.15 NOTE
r-devel-linux-x86_64-fedora-clang 3.0.0 74.34 NOTE
r-devel-linux-x86_64-fedora-gcc 3.0.0 84.12 NOTE
r-devel-windows-x86_64 3.0.0 5.00 90.00 95.00 NOTE
r-patched-linux-x86_64 3.0.0 6.64 53.19 59.83 OK
r-release-linux-x86_64 3.0.0 5.31 52.94 58.25 OK
r-release-macos-arm64 3.0.0 38.00 OK
r-release-macos-x86_64 3.0.0 68.00 OK
r-release-windows-x86_64 3.0.0 5.00 93.00 98.00 OK
r-oldrel-macos-arm64 3.0.0 34.00 OK
r-oldrel-windows-x86_64 3.0.0 7.00 95.00 102.00 OK

Check Details

Version: 3.0.0
Check: Rd files
Result: NOTE checkRd: (-1) is.what.Rd:23-24: Lost braces in \enumerate; meant \describe ? checkRd: (-1) is.what.Rd:25: Lost braces in \enumerate; meant \describe ? checkRd: (-1) is.what.Rd:26-27: Lost braces in \enumerate; meant \describe ? Flavors: r-devel-linux-x86_64-debian-clang, r-devel-linux-x86_64-debian-gcc, r-devel-linux-x86_64-fedora-clang, r-devel-linux-x86_64-fedora-gcc, r-devel-windows-x86_64