CRAN Package Check Results for Package gdata

Last updated on 2020-07-12 03:48:46 CEST.

Flavor Version Tinstall Tcheck Ttotal Status Flags
r-devel-linux-x86_64-debian-clang 2.18.0 6.55 88.04 94.59 OK
r-devel-linux-x86_64-debian-gcc 2.18.0 4.52 64.61 69.13 OK
r-devel-linux-x86_64-fedora-clang 2.18.0 124.79 NOTE
r-devel-linux-x86_64-fedora-gcc 2.18.0 113.83 OK
r-devel-windows-ix86+x86_64 2.18.0 20.00 153.00 173.00 OK
r-patched-linux-x86_64 2.18.0 5.47 88.05 93.52 OK
r-patched-solaris-x86 2.18.0 101.40 OK
r-release-linux-x86_64 2.18.0 6.32 87.57 93.89 OK
r-release-macos-x86_64 2.18.0 OK
r-release-windows-ix86+x86_64 2.18.0 12.00 113.00 125.00 OK
r-oldrel-macos-x86_64 2.18.0 OK
r-oldrel-windows-ix86+x86_64 2.18.0 16.00 120.00 136.00 OK

Check Details

Version: 2.18.0
Check: Rd cross-references
Result: NOTE
    Undeclared package ‘reshape’ in Rd xrefs
Flavor: r-devel-linux-x86_64-fedora-clang