CRAN Package Check Results for Package gbifdb

Last updated on 2024-07-19 17:54:29 CEST.

Flavor Version Tinstall Tcheck Ttotal Status Flags
r-devel-linux-x86_64-debian-clang 1.0.0 4.90 48.59 53.49 OK
r-devel-linux-x86_64-debian-gcc 1.0.0 3.87 36.43 40.30 OK
r-devel-linux-x86_64-fedora-clang 1.0.0 67.71 OK
r-devel-linux-x86_64-fedora-gcc 1.0.0 76.16 OK
r-devel-windows-x86_64 1.0.0 6.00 57.00 63.00 OK
r-patched-linux-x86_64 1.0.0 4.73 46.06 50.79 OK
r-release-linux-x86_64 1.0.0 3.44 44.97 48.41 OK
r-release-macos-arm64 1.0.0 31.00 ERROR
r-release-macos-x86_64 1.0.0 49.00 OK
r-release-windows-x86_64 1.0.0 5.00 57.00 62.00 OK
r-oldrel-macos-arm64 1.0.0 39.00 OK
r-oldrel-macos-x86_64 1.0.0 54.00 OK
r-oldrel-windows-x86_64 1.0.0 6.00 62.00 68.00 OK

Check Details

Version: 1.0.0
Check: tests
Result: ERROR Running ‘spelling.R’ [0s/0s] Running ‘testthat.R’ [1s/1s] Running the tests in ‘tests/testthat.R’ failed. Last 13 lines of output: ══ Skipped tests (1) ═══════════════════════════════════════════════════════════ • On CRAN (1): 'test_gbifdb.R:30:3' ══ Failed tests ════════════════════════════════════════════════════════════════ ── Error ('test_gbifdb.R:16:3'): gbif_local() ────────────────────────────────── Error: This build of the arrow package does not support Datasets Backtrace: ▆ 1. └─gbifdb::gbif_local(path, backend = "arrow") at test_gbifdb.R:16:3 2. └─arrow::open_dataset(dir) 3. └─arrow:::stop_if_no_datasets() [ FAIL 1 | WARN 0 | SKIP 1 | PASS 2 ] Error: Test failures Execution halted Flavor: r-release-macos-arm64