CRAN Package Check Results for Package ganalytics

Last updated on 2020-08-14 03:47:42 CEST.

Flavor Version Tinstall Tcheck Ttotal Status Flags
r-devel-linux-x86_64-debian-clang 0.10.7 0.82 2.55 3.37 ERROR
r-devel-linux-x86_64-debian-gcc 0.10.7 54.39 81.03 135.42 OK
r-devel-linux-x86_64-fedora-clang 0.10.7 226.10 OK
r-devel-linux-x86_64-fedora-gcc 0.10.7 213.88 OK
r-devel-windows-ix86+x86_64 0.10.7 129.00 124.00 253.00 OK
r-patched-linux-x86_64 0.10.7 64.74 104.14 168.88 OK
r-patched-solaris-x86 0.10.7 272.50 OK
r-release-linux-x86_64 0.10.7 60.26 104.03 164.29 OK
r-release-macos-x86_64 0.10.7 OK
r-release-windows-ix86+x86_64 0.10.7 125.00 180.00 305.00 OK
r-oldrel-macos-x86_64 0.10.7 OK
r-oldrel-windows-ix86+x86_64 0.10.7 80.00 105.00 185.00 OK

Check Details

Version: 0.10.7
Check: package dependencies
Result: ERROR
    Package required but not available: 'googleAnalyticsR'
    
    Package suggested but not available for checking: 'tidyr'
    
    See section 'The DESCRIPTION file' in the 'Writing R Extensions'
    manual.
Flavor: r-devel-linux-x86_64-debian-clang