CRAN Package Check Results for Package gamlssbssn

Last updated on 2020-10-25 15:48:46 CET.

Flavor Version Tinstall Tcheck Ttotal Status Flags
r-devel-linux-x86_64-debian-clang 0.1.0 2.56 24.37 26.93 OK
r-devel-linux-x86_64-debian-gcc 0.1.0 1.95 19.02 20.97 OK
r-devel-linux-x86_64-fedora-clang 0.1.0 41.44 NOTE
r-devel-linux-x86_64-fedora-gcc 0.1.0 31.36 NOTE
r-devel-windows-ix86+x86_64 0.1.0 6.00 41.00 47.00 OK
r-patched-linux-x86_64 0.1.0 2.32 23.20 25.52 OK
r-patched-solaris-x86 0.1.0 47.30 NOTE
r-release-linux-x86_64 0.1.0 2.59 23.32 25.91 OK
r-release-macos-x86_64 0.1.0 NOTE
r-release-windows-ix86+x86_64 0.1.0 4.00 30.00 34.00 OK
r-oldrel-macos-x86_64 0.1.0 NOTE
r-oldrel-windows-ix86+x86_64 0.1.0 4.00 29.00 33.00 OK

Check Details

Version: 0.1.0
Check: dependencies in R code
Result: NOTE
    Namespaces in Imports field not imported from:
     ‘MASS’ ‘gamlss’
     All declared Imports should be used.
Flavors: r-devel-linux-x86_64-fedora-clang, r-devel-linux-x86_64-fedora-gcc, r-patched-solaris-x86, r-release-macos-x86_64, r-oldrel-macos-x86_64