CRAN Package Check Results for Package gamlss.countKinf

Last updated on 2024-02-26 04:49:27 CET.

Flavor Version Tinstall Tcheck Ttotal Status Flags
r-devel-linux-x86_64-debian-clang 3.5.1 16.23 103.44 119.67 NOTE
r-devel-linux-x86_64-debian-gcc 3.5.1 12.20 89.11 101.31 NOTE
r-devel-linux-x86_64-fedora-clang 3.5.1 164.07 NOTE
r-devel-linux-x86_64-fedora-gcc 3.5.1 158.68 NOTE
r-devel-windows-x86_64 3.5.1 14.00 99.00 113.00 NOTE
r-patched-linux-x86_64 3.5.1 20.86 117.41 138.27 NOTE
r-release-linux-x86_64 3.5.1 12.86 119.84 132.70 NOTE
r-release-macos-arm64 3.5.1 46.00 NOTE
r-release-macos-x86_64 3.5.1 82.00 NOTE
r-release-windows-x86_64 3.5.1 18.00 120.00 138.00 NOTE
r-oldrel-macos-arm64 3.5.1 42.00 NOTE
r-oldrel-windows-x86_64 3.5.1 18.00 125.00 143.00 NOTE

Check Details

Version: 3.5.1
Check: LazyData
Result: NOTE 'LazyData' is specified without a 'data' directory Flavors: r-devel-linux-x86_64-debian-clang, r-devel-linux-x86_64-debian-gcc, r-devel-linux-x86_64-fedora-clang, r-devel-linux-x86_64-fedora-gcc, r-devel-windows-x86_64, r-patched-linux-x86_64, r-release-linux-x86_64, r-release-macos-arm64, r-release-macos-x86_64, r-release-windows-x86_64, r-oldrel-macos-arm64, r-oldrel-windows-x86_64