Last updated on 2023-12-09 16:49:19 CET.
Flavor | Version | Tinstall | Tcheck | Ttotal | Status | Flags |
---|---|---|---|---|---|---|
r-devel-linux-x86_64-debian-clang | 0.0.5 | 6.05 | 94.49 | 100.54 | NOTE | |
r-devel-linux-x86_64-debian-gcc | 0.0.5 | 4.40 | 70.19 | 74.59 | NOTE | |
r-devel-linux-x86_64-fedora-clang | 0.0.5 | 126.50 | OK | |||
r-devel-linux-x86_64-fedora-gcc | 0.0.5 | 118.35 | OK | |||
r-devel-windows-x86_64 | 0.0.5 | 7.00 | 87.00 | 94.00 | OK | |
r-patched-linux-x86_64 | 0.0.5 | 6.80 | 89.80 | 96.60 | OK | |
r-release-linux-x86_64 | 0.0.5 | 4.50 | 88.56 | 93.06 | OK | |
r-release-macos-arm64 | 0.0.5 | 46.00 | OK | |||
r-release-macos-x86_64 | 0.0.5 | 74.00 | OK | |||
r-release-windows-x86_64 | 0.0.5 | 8.00 | 104.00 | 112.00 | OK | |
r-oldrel-macos-arm64 | 0.0.5 | 44.00 | OK | |||
r-oldrel-macos-x86_64 | 0.0.5 | 53.00 | OK | |||
r-oldrel-windows-x86_64 | 0.0.5 | 9.00 | 107.00 | 116.00 | OK |
Version: 0.0.5
Check: Rd files
Result: NOTE
checkRd: (-1) min_hpd_inc_area_df.Rd:20: Lost braces in \itemize; \value handles \item{}{} directly
checkRd: (-1) min_hpd_inc_area_df.Rd:21-22: Lost braces in \itemize; \value handles \item{}{} directly
checkRd: (-1) min_hpd_inc_area_df.Rd:23: Lost braces in \itemize; \value handles \item{}{} directly
checkRd: (-1) vza_mean_and_var_rasters.Rd:20: Lost braces
20 | of the paper on Wilson's warbler, this function computes $tilde{T}^{(mu)}$ (returned as
| ^
checkRd: (-1) vza_mean_and_var_rasters.Rd:20: Lost braces; missing escapes or markup?
20 | of the paper on Wilson's warbler, this function computes $tilde{T}^{(mu)}$ (returned as
| ^
checkRd: (-1) vza_mean_and_var_rasters.Rd:21: Lost braces; missing escapes or markup?
21 | list component \code{mean.raster}) and $R^{(sigma^2)}$ (returned as list component
| ^
Flavors: r-devel-linux-x86_64-debian-clang, r-devel-linux-x86_64-debian-gcc