Last updated on 2023-12-07 04:56:24 CET.
Flavor | Version | Tinstall | Tcheck | Ttotal | Status | Flags |
---|---|---|---|---|---|---|
r-devel-linux-x86_64-debian-clang | 1.0.2 | 73.21 | 192.13 | 265.34 | OK | |
r-devel-linux-x86_64-debian-gcc | 1.0.2 | 48.68 | 152.91 | 201.59 | OK | |
r-devel-linux-x86_64-fedora-clang | 1.0.2 | 347.49 | OK | |||
r-devel-linux-x86_64-fedora-gcc | 1.0.2 | 338.17 | OK | |||
r-devel-windows-x86_64 | 1.0.2 | 54.00 | 175.00 | 229.00 | OK | |
r-patched-linux-x86_64 | 1.0.2 | 59.12 | 181.20 | 240.32 | OK | |
r-release-linux-x86_64 | 1.0.2 | 55.70 | 185.97 | 241.67 | OK | |
r-release-macos-arm64 | 1.0.2 | 103.00 | NOTE | |||
r-release-macos-x86_64 | 1.0.2 | 212.00 | NOTE | |||
r-release-windows-x86_64 | 1.0.2 | 69.00 | 226.00 | 295.00 | OK | |
r-oldrel-macos-arm64 | 1.0.2 | 100.00 | NOTE | |||
r-oldrel-macos-x86_64 | 1.0.2 | 123.00 | NOTE | |||
r-oldrel-windows-x86_64 | 1.0.2 | 63.00 | 221.00 | 284.00 | OK |
Version: 1.0.2
Check: installed package size
Result: NOTE
installed size is 7.1Mb
sub-directories of 1Mb or more:
libs 6.8Mb
Flavors: r-release-macos-arm64, r-release-macos-x86_64, r-oldrel-macos-arm64, r-oldrel-macos-x86_64