Last updated on 2023-12-06 16:53:12 CET.
Flavor | Version | Tinstall | Tcheck | Ttotal | Status | Flags |
---|---|---|---|---|---|---|
r-devel-linux-x86_64-debian-clang | 0.13.0 | 84.28 | 228.90 | 313.18 | OK | |
r-devel-linux-x86_64-debian-gcc | 0.13.0 | 60.99 | 180.85 | 241.84 | OK | |
r-devel-linux-x86_64-fedora-clang | 0.13.0 | 434.31 | OK | |||
r-devel-linux-x86_64-fedora-gcc | 0.13.0 | 455.95 | OK | |||
r-devel-windows-x86_64 | 0.13.0 | 69.00 | 215.00 | 284.00 | OK | |
r-patched-linux-x86_64 | 0.13.0 | 74.05 | 227.16 | 301.21 | OK | |
r-release-linux-x86_64 | 0.13.0 | 77.12 | 227.74 | 304.86 | OK | |
r-release-macos-arm64 | 0.13.0 | 130.00 | NOTE | |||
r-release-macos-x86_64 | 0.13.0 | 217.00 | NOTE | |||
r-release-windows-x86_64 | 0.13.0 | 85.00 | 253.00 | 338.00 | OK | |
r-oldrel-macos-arm64 | 0.13.0 | 120.00 | NOTE | |||
r-oldrel-macos-x86_64 | 0.13.0 | 152.00 | NOTE | |||
r-oldrel-windows-x86_64 | 0.13.0 | 84.00 | 242.00 | 326.00 | OK |
Version: 0.13.0
Check: installed package size
Result: NOTE
installed size is 5.5Mb
sub-directories of 1Mb or more:
libs 4.4Mb
Flavors: r-release-macos-arm64, r-release-macos-x86_64, r-oldrel-macos-arm64, r-oldrel-macos-x86_64