CRAN Package Check Results for Package fuser

Last updated on 2020-08-11 03:47:48 CEST.

Flavor Version Tinstall Tcheck Ttotal Status Flags
r-devel-linux-x86_64-debian-clang 1.0.1 37.29 103.03 140.32 OK
r-devel-linux-x86_64-debian-gcc 1.0.1 29.78 79.34 109.12 OK
r-devel-linux-x86_64-fedora-clang 1.0.1 181.59 OK
r-devel-linux-x86_64-fedora-gcc 1.0.1 169.68 OK
r-devel-windows-ix86+x86_64 1.0.1 89.00 223.00 312.00 OK
r-patched-linux-x86_64 1.0.1 29.35 103.03 132.38 OK
r-patched-solaris-x86 1.0.1 1222.60 OK
r-release-linux-x86_64 1.0.1 29.77 101.69 131.46 OK
r-release-macos-x86_64 1.0.1 NOTE
r-release-windows-ix86+x86_64 1.0.1 91.00 235.00 326.00 OK
r-oldrel-macos-x86_64 1.0.1 NOTE
r-oldrel-windows-ix86+x86_64 1.0.1 52.00 166.00 218.00 OK

Check Details

Version: 1.0.1
Check: installed package size
Result: NOTE
     installed size is 5.3Mb
     sub-directories of 1Mb or more:
     libs 5.1Mb
Flavors: r-release-macos-x86_64, r-oldrel-macos-x86_64