CRAN Package Check Results for Package funkyheatmap

Last updated on 2024-02-22 05:01:45 CET.

Flavor Version Tinstall Tcheck Ttotal Status Flags
r-devel-linux-x86_64-debian-clang 0.5.0 OK
r-devel-linux-x86_64-debian-gcc 0.5.0 7.12 97.04 104.16 OK
r-devel-linux-x86_64-fedora-clang 0.5.0 178.44 NOTE
r-devel-linux-x86_64-fedora-gcc 0.5.0 177.93 NOTE
r-devel-windows-x86_64 0.5.0 9.00 111.00 120.00 OK
r-patched-linux-x86_64 0.5.0 11.70 123.61 135.31 OK
r-release-linux-x86_64 0.5.0 6.09 125.81 131.90 OK
r-release-macos-arm64 0.5.0 58.00 OK
r-release-macos-x86_64 0.5.0 146.00 OK
r-release-windows-x86_64 0.5.0 12.00 136.00 148.00 OK
r-oldrel-macos-arm64 0.5.0 57.00 OK
r-oldrel-windows-x86_64 0.5.0 13.00 149.00 162.00 OK

Check Details

Version: 0.5.0
Check: data for non-ASCII characters
Result: NOTE Note: found 36 marked UTF-8 strings Flavors: r-devel-linux-x86_64-fedora-clang, r-devel-linux-x86_64-fedora-gcc