CRAN Package Check Results for Package fungible

Last updated on 2020-08-03 05:48:46 CEST.

Flavor Version Tinstall Tcheck Ttotal Status Flags
r-devel-linux-x86_64-debian-clang 1.96.3 15.33 140.86 156.19 OK
r-devel-linux-x86_64-debian-gcc 1.96.3 12.23 104.05 116.28 OK
r-devel-linux-x86_64-fedora-clang 1.96.3 189.59 NOTE
r-devel-linux-x86_64-fedora-gcc 1.96.3 179.54 NOTE
r-devel-windows-ix86+x86_64 1.96.3 31.00 152.00 183.00 OK
r-patched-linux-x86_64 1.96.3 13.65 136.79 150.44 OK
r-patched-solaris-x86 1.96.3 228.90 NOTE
r-release-linux-x86_64 1.96.3 15.68 137.63 153.31 OK
r-release-macos-x86_64 1.96.3 NOTE
r-release-windows-ix86+x86_64 1.96.3 31.00 203.00 234.00 OK
r-oldrel-macos-x86_64 1.96.3 NOTE
r-oldrel-windows-ix86+x86_64 1.96.3 18.00 182.00 200.00 OK

Check Details

Version: 1.96.3
Check: data for non-ASCII characters
Result: NOTE
     Note: found 1 marked UTF-8 string
Flavors: r-devel-linux-x86_64-fedora-clang, r-devel-linux-x86_64-fedora-gcc, r-patched-solaris-x86, r-release-macos-x86_64, r-oldrel-macos-x86_64