Last updated on 2023-12-02 16:49:14 CET.
Flavor | Version | Tinstall | Tcheck | Ttotal | Status | Flags |
---|---|---|---|---|---|---|
r-devel-linux-x86_64-debian-clang | 0.3.2 | 13.44 | 75.32 | 88.76 | NOTE | |
r-devel-linux-x86_64-debian-gcc | 0.3.2 | 9.89 | 56.58 | 66.47 | NOTE | |
r-devel-linux-x86_64-fedora-clang | 0.3.2 | 113.34 | OK | |||
r-devel-linux-x86_64-fedora-gcc | 0.3.2 | 102.83 | OK | |||
r-devel-windows-x86_64 | 0.3.2 | 11.00 | 76.00 | 87.00 | OK | |
r-patched-linux-x86_64 | 0.3.2 | 10.75 | 73.52 | 84.27 | OK | |
r-release-linux-x86_64 | 0.3.2 | 13.35 | 72.31 | 85.66 | OK | |
r-release-macos-arm64 | 0.3.2 | 32.00 | OK | |||
r-release-macos-x86_64 | 0.3.2 | 65.00 | OK | |||
r-release-windows-x86_64 | 0.3.2 | 15.00 | 87.00 | 102.00 | OK | |
r-oldrel-macos-arm64 | 0.3.2 | 33.00 | OK | |||
r-oldrel-macos-x86_64 | 0.3.2 | 45.00 | OK | |||
r-oldrel-windows-x86_64 | 0.3.2 | 16.00 | 91.00 | 107.00 | OK |
Version: 0.3.2
Check: Rd files
Result: NOTE
checkRd: (-1) Xfgpm-class.Rd:12-15: Lost braces in \itemize; meant \describe ?
checkRd: (-1) Xfgpm-class.Rd:16-19: Lost braces in \itemize; meant \describe ?
checkRd: (-1) Xfgpm-class.Rd:67-70: Lost braces in \itemize; meant \describe ?
checkRd: (-1) black-boxes.Rd:57-59: Lost braces in \itemize; meant \describe ?
checkRd: (-1) black-boxes.Rd:61-63: Lost braces in \itemize; meant \describe ?
checkRd: (-1) black-boxes.Rd:65-68: Lost braces in \itemize; meant \describe ?
checkRd: (-1) black-boxes.Rd:70-76: Lost braces in \itemize; meant \describe ?
checkRd: (-1) black-boxes.Rd:78-84: Lost braces in \itemize; meant \describe ?
checkRd: (-1) black-boxes.Rd:86-89: Lost braces in \itemize; meant \describe ?
checkRd: (-1) black-boxes.Rd:91-97: Lost braces in \itemize; meant \describe ?
checkRd: (-1) fgpm-class.Rd:12-17: Lost braces in \itemize; meant \describe ?
checkRd: (-1) fgpm-class.Rd:18-22: Lost braces in \itemize; meant \describe ?
checkRd: (-1) fgpm-class.Rd:31: Lost braces; missing escapes or markup?
31 | {"scalar", "functional", "hybrid"}.}
| ^
checkRd: (-1) fgpm-class.Rd:78-81: Lost braces in \itemize; meant \describe ?
checkRd: (-1) funGp-package.Rd:20-25: Lost braces in \itemize; meant \describe ?
checkRd: (-1) funGp-package.Rd:26-30: Lost braces in \itemize; meant \describe ?
checkRd: (-1) funGp-package.Rd:37-39: Lost braces in \itemize; meant \describe ?
checkRd: (-1) funGp-package.Rd:40-43: Lost braces in \itemize; meant \describe ?
checkRd: (-1) funGp-package.Rd:44-48: Lost braces in \itemize; meant \describe ?
checkRd: (-1) funGp-package.Rd:49-54: Lost braces in \itemize; meant \describe ?
checkRd: (-1) funGp-package.Rd:61-64: Lost braces in \itemize; meant \describe ?
checkRd: (-1) funGp-package.Rd:65-68: Lost braces in \itemize; meant \describe ?
checkRd: (-1) funGp-package.Rd:69-72: Lost braces in \itemize; meant \describe ?
checkRd: (-1) kernel-class.Rd:14-15: Lost braces
14 | \item{\code{kerType}}{Object of class \code{"character"}. Kernel type. To be set from {"gauss", "matern5_2",
| ^
checkRd: (-1) kernel-class.Rd:17-18: Lost braces
17 | \item{\code{f_disType}}{Object of class \code{"character"}. Distance type. To be set from {"L2_bygroup",
| ^
checkRd: (-1) plot-fgpm-method.Rd:16: Lost braces in \itemize; meant \describe ?
checkRd: (-1) plot-fgpm-method.Rd:17-18: Lost braces in \itemize; meant \describe ?
checkRd: (-1) plot-fgpm-method.Rd:19: Lost braces in \itemize; meant \describe ?
checkRd: (-1) plot-fgpm-method.Rd:20-21: Lost braces in \itemize; meant \describe ?
checkRd: (-1) proj-Class.Rd:16: Lost braces; missing escapes or markup?
16 | \item{\code{basType}}{Object of class \code{"character"}. To be chosen from {"PCA", "B-splines"}.}
| ^
Flavors: r-devel-linux-x86_64-debian-clang, r-devel-linux-x86_64-debian-gcc