Last updated on 2024-10-05 16:48:24 CEST.
Flavor | Version | Tinstall | Tcheck | Ttotal | Status | Flags |
---|---|---|---|---|---|---|
r-devel-linux-x86_64-debian-clang | 1.0 | 1.64 | 17.36 | 19.00 | OK | |
r-devel-linux-x86_64-debian-gcc | 1.0 | 1.36 | 14.24 | 15.60 | OK | |
r-devel-linux-x86_64-fedora-clang | 1.0 | 30.37 | NOTE | |||
r-devel-linux-x86_64-fedora-gcc | 1.0 | 29.24 | NOTE | |||
r-devel-windows-x86_64 | 1.0 | 4.00 | 40.00 | 44.00 | OK | |
r-patched-linux-x86_64 | 1.0 | 1.66 | 16.65 | 18.31 | OK | |
r-release-linux-x86_64 | 1.0 | 1.54 | 16.69 | 18.23 | OK | |
r-release-macos-arm64 | 1.0 | 14.00 | OK | |||
r-release-macos-x86_64 | 1.0 | 20.00 | OK | |||
r-release-windows-x86_64 | 1.0 | 4.00 | 40.00 | 44.00 | OK | |
r-oldrel-macos-arm64 | 1.0 | 15.00 | OK | |||
r-oldrel-macos-x86_64 | 1.0 | 20.00 | OK | |||
r-oldrel-windows-x86_64 | 1.0 | 3.00 | 41.00 | 44.00 | OK |
Version: 1.0
Check: data for non-ASCII characters
Result: NOTE
Note: found 39 marked UTF-8 strings
Flavors: r-devel-linux-x86_64-fedora-clang, r-devel-linux-x86_64-fedora-gcc