Last updated on 2023-12-02 16:49:14 CET.
Flavor | Version | Tinstall | Tcheck | Ttotal | Status | Flags |
---|---|---|---|---|---|---|
r-devel-linux-x86_64-debian-clang | 2.25.2 | 11.25 | 113.51 | 124.76 | NOTE | |
r-devel-linux-x86_64-debian-gcc | 2.25.2 | 10.05 | 85.78 | 95.83 | NOTE | |
r-devel-linux-x86_64-fedora-clang | 2.25.2 | 165.63 | OK | |||
r-devel-linux-x86_64-fedora-gcc | 2.25.2 | 170.80 | OK | |||
r-devel-windows-x86_64 | 2.25.2 | 12.00 | 132.00 | 144.00 | OK | |
r-patched-linux-x86_64 | 2.25.2 | 18.11 | 110.04 | 128.15 | OK | |
r-release-linux-x86_64 | 2.25.2 | 12.10 | 109.48 | 121.58 | OK | |
r-release-macos-arm64 | 2.25.2 | 64.00 | OK | |||
r-release-macos-x86_64 | 2.25.2 | 93.00 | OK | |||
r-release-windows-x86_64 | 2.25.2 | 16.00 | 151.00 | 167.00 | OK | |
r-oldrel-macos-arm64 | 2.25.2 | 54.00 | OK | |||
r-oldrel-macos-x86_64 | 2.25.2 | 66.00 | OK | |||
r-oldrel-windows-x86_64 | 2.25.2 | 16.00 | 126.00 | 142.00 | OK |
Version: 2.25.2
Check: Rd files
Result: NOTE
checkRd: (-1) fsl_cluster.Rd:76: Lost braces in \itemize; \value handles \item{}{} directly
checkRd: (-1) fsl_cluster.Rd:77: Lost braces in \itemize; \value handles \item{}{} directly
checkRd: (-1) fsl_cluster.Rd:78: Lost braces in \itemize; \value handles \item{}{} directly
checkRd: (-1) fsl_cluster.Rd:79: Lost braces in \itemize; \value handles \item{}{} directly
checkRd: (-1) fsl_cluster.Rd:80: Lost braces in \itemize; \value handles \item{}{} directly
checkRd: (-1) fsl_cluster.Rd:81: Lost braces in \itemize; \value handles \item{}{} directly
checkRd: (-1) fsl_cluster.Rd:82: Lost braces in \itemize; \value handles \item{}{} directly
checkRd: (-1) fsl_cluster.Rd:83: Lost braces in \itemize; \value handles \item{}{} directly
checkRd: (-1) rpi_orient.Rd:26: Lost braces in \itemize; \value handles \item{}{} directly
checkRd: (-1) rpi_orient.Rd:27: Lost braces in \itemize; \value handles \item{}{} directly
checkRd: (-1) rpi_orient.Rd:28: Lost braces in \itemize; \value handles \item{}{} directly
Flavors: r-devel-linux-x86_64-debian-clang, r-devel-linux-x86_64-debian-gcc