CRAN Package Check Results for Package fscaret

Last updated on 2024-06-13 16:49:07 CEST.

Flavor Version Tinstall Tcheck Ttotal Status Flags
r-devel-linux-x86_64-debian-clang 0.9.4.4 18.04 149.20 167.24 NOTE
r-devel-linux-x86_64-debian-gcc 0.9.4.4 0.33 1.63 1.96 ERROR
r-devel-linux-x86_64-fedora-clang 0.9.4.4 216.76 NOTE
r-devel-linux-x86_64-fedora-gcc 0.9.4.4 214.69 NOTE
r-devel-windows-x86_64 0.9.4.4 15.00 128.00 143.00 NOTE
r-patched-linux-x86_64 0.9.4.4 13.22 141.49 154.71 NOTE
r-release-linux-x86_64 0.9.4.4 11.91 143.01 154.92 NOTE
r-release-macos-arm64 0.9.4.4 62.00 NOTE
r-release-macos-x86_64 0.9.4.4 101.00 NOTE
r-release-windows-x86_64 0.9.4.4 15.00 137.00 152.00 NOTE
r-oldrel-macos-arm64 0.9.4.4 73.00 NOTE
r-oldrel-macos-x86_64 0.9.4.4 122.00 NOTE
r-oldrel-windows-x86_64 0.9.4.4 19.00 153.00 172.00 NOTE

Check Details

Version: 0.9.4.4
Check: package dependencies
Result: NOTE Packages suggested but not available for checking: 'extraTrees', 'foba', 'nodeHarvest', 'obliqueRF', 'penalizedLDA', 'relaxo', 'rrlda' Flavors: r-devel-linux-x86_64-debian-clang, r-devel-linux-x86_64-fedora-clang, r-devel-linux-x86_64-fedora-gcc, r-patched-linux-x86_64, r-release-linux-x86_64

Version: 0.9.4.4
Check: package dependencies
Result: ERROR Package required but not available: ‘caret’ Packages suggested but not available for checking: 'arm', 'C50', 'car', 'Cubist', 'extraTrees', 'foba', 'Hmisc', 'kknn', 'klaR', 'nodeHarvest', 'obliqueRF', 'penalizedLDA', 'relaxo', 'rrlda' See section ‘The DESCRIPTION file’ in the ‘Writing R Extensions’ manual. Flavor: r-devel-linux-x86_64-debian-gcc

Version: 0.9.4.4
Check: package dependencies
Result: NOTE Packages suggested but not available for checking: 'extraTrees', 'foba', 'nodeHarvest', 'obliqueRF', 'relaxo', 'rrlda' Flavors: r-devel-windows-x86_64, r-release-macos-arm64, r-release-macos-x86_64, r-release-windows-x86_64, r-oldrel-macos-arm64, r-oldrel-macos-x86_64, r-oldrel-windows-x86_64