Last updated on 2023-12-07 16:49:31 CET.
Flavor | Version | Tinstall | Tcheck | Ttotal | Status | Flags |
---|---|---|---|---|---|---|
r-devel-linux-x86_64-debian-clang | 4.1.0 | 5.31 | 57.13 | 62.44 | OK | |
r-devel-linux-x86_64-debian-gcc | 4.1.0 | 3.81 | 44.20 | 48.01 | OK | |
r-devel-linux-x86_64-fedora-clang | 4.1.0 | 82.31 | OK | |||
r-devel-linux-x86_64-fedora-gcc | 4.1.0 | 85.81 | OK | |||
r-devel-windows-x86_64 | 4.1.0 | 6.00 | 126.00 | 132.00 | NOTE | |
r-patched-linux-x86_64 | 4.1.0 | 8.42 | 54.89 | 63.31 | OK | |
r-release-linux-x86_64 | 4.1.0 | 4.80 | 53.90 | 58.70 | OK | |
r-release-macos-arm64 | 4.1.0 | 70.00 | OK | |||
r-release-macos-x86_64 | 4.1.0 | 119.00 | OK | |||
r-release-windows-x86_64 | 4.1.0 | 8.00 | 126.00 | 134.00 | OK | |
r-oldrel-macos-arm64 | 4.1.0 | 56.00 | OK | |||
r-oldrel-macos-x86_64 | 4.1.0 | 75.00 | OK | |||
r-oldrel-windows-x86_64 | 4.1.0 | 9.00 | 117.00 | 126.00 | OK |
Version: 4.1.0
Check: Rd files
Result: NOTE
checkRd: (-1) NEWS.Rd:234: Escaped LaTeX specials: \_
checkRd: (-1) NEWS.Rd:257: Escaped LaTeX specials: \_ \_
checkRd: (-1) NEWS.Rd:258: Escaped LaTeX specials: \_ \_
checkRd: (-1) NEWS.Rd:259: Escaped LaTeX specials: \_
checkRd: (-1) NEWS.Rd:262: Escaped LaTeX specials: \_
checkRd: (-1) NEWS.Rd:265: Escaped LaTeX specials: \_
Flavor: r-devel-windows-x86_64