CRAN Package Check Results for Package fritools2

Last updated on 2024-07-19 17:54:29 CEST.

Flavor Version Tinstall Tcheck Ttotal Status Flags
r-devel-linux-x86_64-debian-clang 4.1.0 5.07 59.04 64.11 OK
r-devel-linux-x86_64-debian-gcc 4.1.0 4.09 44.71 48.80 OK
r-devel-linux-x86_64-fedora-clang 4.1.0 83.41 OK
r-devel-linux-x86_64-fedora-gcc 4.1.0 89.10 OK
r-devel-windows-x86_64 4.1.0 7.00 125.00 132.00 NOTE
r-patched-linux-x86_64 4.1.0 8.76 56.99 65.75 OK
r-release-linux-x86_64 4.1.0 5.06 55.91 60.97 OK
r-release-macos-arm64 4.1.0 52.00 NOTE
r-release-macos-x86_64 4.1.0 77.00 NOTE
r-release-windows-x86_64 4.1.0 6.00 124.00 130.00 NOTE
r-oldrel-macos-arm64 4.1.0 70.00 OK
r-oldrel-macos-x86_64 4.1.0 119.00 OK
r-oldrel-windows-x86_64 4.1.0 6.00 128.00 134.00 OK

Check Details

Version: 4.1.0
Check: Rd files
Result: NOTE checkRd: (-1) NEWS.Rd:234: Escaped LaTeX specials: \_ checkRd: (-1) NEWS.Rd:257: Escaped LaTeX specials: \_ \_ checkRd: (-1) NEWS.Rd:258: Escaped LaTeX specials: \_ \_ checkRd: (-1) NEWS.Rd:259: Escaped LaTeX specials: \_ checkRd: (-1) NEWS.Rd:262: Escaped LaTeX specials: \_ checkRd: (-1) NEWS.Rd:265: Escaped LaTeX specials: \_ Flavors: r-devel-windows-x86_64, r-release-macos-arm64, r-release-macos-x86_64, r-release-windows-x86_64