Last updated on 2023-12-07 16:49:31 CET.
Flavor | Version | Tinstall | Tcheck | Ttotal | Status | Flags |
---|---|---|---|---|---|---|
r-devel-linux-x86_64-debian-clang | 0.1.17 | 11.75 | 178.02 | 189.77 | NOTE | |
r-devel-linux-x86_64-debian-gcc | 0.1.17 | 10.87 | 141.85 | 152.72 | NOTE | |
r-devel-linux-x86_64-fedora-clang | 0.1.17 | 247.59 | NOTE | |||
r-devel-linux-x86_64-fedora-gcc | 0.1.17 | 251.35 | NOTE | |||
r-devel-windows-x86_64 | 0.1.17 | 13.00 | 169.00 | 182.00 | NOTE | |
r-patched-linux-x86_64 | 0.1.17 | 17.43 | 175.13 | 192.56 | OK | |
r-release-linux-x86_64 | 0.1.17 | 8.84 | 173.15 | 181.99 | OK | |
r-release-macos-arm64 | 0.1.17 | 76.00 | OK | |||
r-release-macos-x86_64 | 0.1.17 | 134.00 | OK | |||
r-release-windows-x86_64 | 0.1.17 | 18.00 | 208.00 | 226.00 | OK | |
r-oldrel-macos-arm64 | 0.1.17 | 57.00 | OK | |||
r-oldrel-macos-x86_64 | 0.1.17 | 91.00 | OK | |||
r-oldrel-windows-x86_64 | 0.1.17 | 17.00 | 176.00 | 193.00 | OK |
Version: 0.1.17
Check: Rd \usage sections
Result: NOTE
Documented arguments not in \usage in Rd file 'assert.surface.Rd':
‘surf’
Documented arguments not in \usage in Rd file 'check.dtype.for.data.Rd':
‘silent’
Documented arguments not in \usage in Rd file 'fread3.Rd':
‘filehandle:’
Documented arguments not in \usage in Rd file 'fwrite3.Rd':
‘filehandle:’ ‘data:’
Documented arguments not in \usage in Rd file 'polygon.soup.to.indexed.mesh.Rd':
‘face_vertex_coords’
Functions with \usage entries need to have the appropriate \alias
entries, and all their arguments documented.
The \usage entries must correspond to syntactically valid R code.
See chapter ‘Writing R documentation files’ in the ‘Writing R
Extensions’ manual.
Flavors: r-devel-linux-x86_64-debian-clang, r-devel-linux-x86_64-debian-gcc, r-devel-linux-x86_64-fedora-clang, r-devel-linux-x86_64-fedora-gcc, r-devel-windows-x86_64