CRAN Package Check Results for Package fractional

Last updated on 2020-10-30 03:50:13 CET.

Flavor Version Tinstall Tcheck Ttotal Status Flags
r-devel-linux-x86_64-debian-clang 0.1.3 20.19 34.54 54.73 OK
r-devel-linux-x86_64-debian-gcc 0.1.3 12.82 27.54 40.36 OK
r-devel-linux-x86_64-fedora-clang 0.1.3 80.37 NOTE
r-devel-linux-x86_64-fedora-gcc 0.1.3 65.55 NOTE
r-devel-windows-ix86+x86_64 0.1.3 45.00 61.00 106.00 OK
r-patched-linux-x86_64 0.1.3 15.50 33.41 48.91 OK
r-patched-solaris-x86 0.1.3 77.80 OK
r-release-linux-x86_64 0.1.3 16.41 33.07 49.48 OK
r-release-macos-x86_64 0.1.3 OK
r-release-windows-ix86+x86_64 0.1.3 35.00 90.00 125.00 OK
r-oldrel-macos-x86_64 0.1.3 OK
r-oldrel-windows-ix86+x86_64 0.1.3 59.00 74.00 133.00 OK

Check Details

Version: 0.1.3
Check: compiled code
Result: NOTE
    File ‘fractional/libs/fractional.so’:
     Found no calls to: ‘R_registerRoutines’, ‘R_useDynamicSymbols’
    
    It is good practice to register native routines and to disable symbol
    search.
    
    See ‘Writing portable packages’ in the ‘Writing R Extensions’ manual.
Flavors: r-devel-linux-x86_64-fedora-clang, r-devel-linux-x86_64-fedora-gcc