CRAN Package Check Results for Package formula.tools

Last updated on 2024-03-01 04:51:42 CET.

Flavor Version Tinstall Tcheck Ttotal Status Flags
r-devel-linux-x86_64-debian-clang 1.7.1 4.06 31.71 35.77 NOTE
r-devel-linux-x86_64-debian-gcc 1.7.1 2.86 24.43 27.29 NOTE
r-devel-linux-x86_64-fedora-clang 1.7.1 44.94 NOTE
r-devel-linux-x86_64-fedora-gcc 1.7.1 44.01 NOTE
r-devel-windows-x86_64 1.7.1 4.00 46.00 50.00 NOTE
r-patched-linux-x86_64 1.7.1 2.93 31.70 34.63 NOTE
r-release-linux-x86_64 1.7.1 3.71 31.17 34.88 NOTE
r-release-macos-arm64 1.7.1 22.00 NOTE
r-release-macos-x86_64 1.7.1 26.00 NOTE
r-release-windows-x86_64 1.7.1 6.00 56.00 62.00 NOTE
r-oldrel-macos-arm64 1.7.1 21.00 NOTE
r-oldrel-windows-x86_64 1.7.1 5.00 49.00 54.00 NOTE

Check Details

Version: 1.7.1
Check: LazyData
Result: NOTE 'LazyData' is specified without a 'data' directory Flavors: r-devel-linux-x86_64-debian-clang, r-devel-linux-x86_64-debian-gcc, r-devel-linux-x86_64-fedora-clang, r-devel-linux-x86_64-fedora-gcc, r-devel-windows-x86_64, r-patched-linux-x86_64, r-release-linux-x86_64, r-release-macos-arm64, r-release-macos-x86_64, r-release-windows-x86_64, r-oldrel-macos-arm64, r-oldrel-windows-x86_64