CRAN Package Check Results for Package forensic

Last updated on 2020-06-01 15:47:43 CEST.

Flavor Version Tinstall Tcheck Ttotal Status Flags
r-devel-linux-x86_64-debian-clang 0.2 3.96 30.28 34.24 NOTE
r-devel-linux-x86_64-debian-gcc 0.2 2.90 23.90 26.80 NOTE
r-devel-linux-x86_64-fedora-clang 0.2 51.21 NOTE
r-devel-linux-x86_64-fedora-gcc 0.2 42.05 NOTE
r-devel-windows-ix86+x86_64 0.2 11.00 60.00 71.00 NOTE
r-patched-linux-x86_64 0.2 4.33 30.32 34.65 NOTE
r-patched-solaris-x86 0.2 54.40 NOTE
r-release-linux-x86_64 0.2 4.53 30.41 34.94 NOTE
r-release-osx-x86_64 0.2 NOTE
r-release-windows-ix86+x86_64 0.2 9.00 56.00 65.00 NOTE
r-oldrel-osx-x86_64 0.2 NOTE
r-oldrel-windows-ix86+x86_64 0.2 13.00 41.00 54.00 NOTE

Check Details

Version: 0.2
Check: DESCRIPTION meta-information
Result: NOTE
    Malformed Description field: should contain one or more complete sentences.
Flavors: r-devel-linux-x86_64-debian-clang, r-devel-linux-x86_64-debian-gcc, r-devel-linux-x86_64-fedora-clang, r-devel-linux-x86_64-fedora-gcc, r-devel-windows-ix86+x86_64, r-patched-linux-x86_64, r-patched-solaris-x86, r-release-linux-x86_64, r-release-osx-x86_64, r-release-windows-ix86+x86_64, r-oldrel-osx-x86_64, r-oldrel-windows-ix86+x86_64

Version: 0.2
Check: dependencies in R code
Result: NOTE
    'library' or 'require' calls to packages already attached by Depends:
     'combinat' 'genetics'
     Please remove these calls from your code.
Flavors: r-devel-linux-x86_64-debian-clang, r-devel-linux-x86_64-debian-gcc, r-devel-linux-x86_64-fedora-clang, r-devel-linux-x86_64-fedora-gcc, r-devel-windows-ix86+x86_64, r-patched-linux-x86_64, r-patched-solaris-x86, r-release-linux-x86_64, r-release-osx-x86_64, r-release-windows-ix86+x86_64, r-oldrel-osx-x86_64, r-oldrel-windows-ix86+x86_64

Version: 0.2
Check: R code for possible problems
Result: NOTE
    NB: .First.lib is obsolete and will not be used in R >= 3.0.0
    File 'forensic/R/zzz.R':
     .First.lib calls:
     cat("## Statistical Methods in Forensic Genetics \n")
     cat("## The work was supported by the project 1M06014 of the Ministry of \n Education, Youth and Sports of the Czech Republic. \n")
     require(genetics, quietly = TRUE)
     require(combinat, quietly = TRUE)
    
    Package startup functions should not change the search path.
    Package startup functions should use 'packageStartupMessage' to
     generate messages.
    See section 'Good practice' in '?.onAttach'.
Flavors: r-devel-linux-x86_64-debian-clang, r-devel-linux-x86_64-debian-gcc, r-devel-linux-x86_64-fedora-clang, r-devel-linux-x86_64-fedora-gcc, r-devel-windows-ix86+x86_64, r-patched-linux-x86_64, r-patched-solaris-x86, r-release-linux-x86_64, r-release-osx-x86_64, r-release-windows-ix86+x86_64, r-oldrel-osx-x86_64, r-oldrel-windows-ix86+x86_64