CRAN Package Check Results for Package forecast

Last updated on 2020-07-14 03:47:46 CEST.

Flavor Version Tinstall Tcheck Ttotal Status Flags
r-devel-linux-x86_64-debian-clang 8.12 129.06 358.30 487.36 OK
r-devel-linux-x86_64-debian-gcc 8.12 97.40 252.90 350.30 OK
r-devel-linux-x86_64-fedora-clang 8.12 600.92 NOTE
r-devel-linux-x86_64-fedora-gcc 8.12 592.02 OK
r-devel-windows-ix86+x86_64 8.12 256.00 806.00 1062.00 OK
r-patched-linux-x86_64 8.12 103.05 349.93 452.98 OK
r-patched-solaris-x86 8.12 666.70 OK
r-release-linux-x86_64 8.12 105.44 348.11 453.55 OK
r-release-macos-x86_64 8.12 ERROR
r-release-windows-ix86+x86_64 8.12 320.00 642.00 962.00 OK
r-oldrel-macos-x86_64 8.12 OK
r-oldrel-windows-ix86+x86_64 8.12 278.00 748.00 1026.00 OK

Check Details

Version: 8.12
Check: installed package size
Result: NOTE
     installed size is 6.2Mb
     sub-directories of 1Mb or more:
     libs 4.4Mb
Flavor: r-devel-linux-x86_64-fedora-clang

Version: 8.12
Check: Rd cross-references
Result: NOTE
    Undeclared packages ‘seasonal’, ‘forecTheta’ in Rd xrefs
Flavor: r-devel-linux-x86_64-fedora-clang

Version: 8.12
Check: whether package can be installed
Result: ERROR
    Installation failed.
Flavor: r-release-macos-x86_64