CRAN Package Check Results for Package forecTheta

Last updated on 2020-08-15 03:48:04 CEST.

Flavor Version Tinstall Tcheck Ttotal Status Flags
r-devel-linux-x86_64-debian-clang 2.2 6.98 63.57 70.55 NOTE
r-devel-linux-x86_64-debian-gcc 2.2 5.53 47.40 52.93 NOTE
r-devel-linux-x86_64-fedora-clang 2.2 90.54 NOTE
r-devel-linux-x86_64-fedora-gcc 2.2 80.53 NOTE
r-devel-windows-ix86+x86_64 2.2 29.00 84.00 113.00 NOTE
r-patched-linux-x86_64 2.2 7.50 62.36 69.86 NOTE
r-patched-solaris-x86 2.2 123.30 NOTE
r-release-linux-x86_64 2.2 6.32 62.92 69.24 NOTE
r-release-macos-x86_64 2.2 NOTE
r-release-windows-ix86+x86_64 2.2 28.00 77.00 105.00 NOTE
r-oldrel-macos-x86_64 2.2 NOTE
r-oldrel-windows-ix86+x86_64 2.2 12.00 108.00 120.00 NOTE

Check Details

Version: 2.2
Check: DESCRIPTION meta-information
Result: NOTE
    BugReports field is not a suitable URL but contains an email address:
     use the Contact field instead
Flavors: r-devel-linux-x86_64-debian-clang, r-devel-linux-x86_64-debian-gcc, r-devel-linux-x86_64-fedora-clang, r-devel-linux-x86_64-fedora-gcc, r-devel-windows-ix86+x86_64, r-patched-linux-x86_64, r-patched-solaris-x86, r-release-linux-x86_64, r-release-macos-x86_64, r-release-windows-ix86+x86_64, r-oldrel-windows-ix86+x86_64

Version: 2.2
Check: DESCRIPTION meta-information
Result: NOTE
    BugReports field is not a suitable URL but contains an email address
     which will be used as from R 3.4.0
Flavor: r-oldrel-macos-x86_64