Last updated on 2023-12-03 16:51:27 CET.
Flavor | Version | Tinstall | Tcheck | Ttotal | Status | Flags |
---|---|---|---|---|---|---|
r-devel-linux-x86_64-debian-clang | 0.2.0 | 36.78 | 213.25 | 250.03 | OK | |
r-devel-linux-x86_64-debian-gcc | 0.2.0 | 30.77 | 157.84 | 188.61 | OK | |
r-devel-linux-x86_64-fedora-clang | 0.2.0 | 330.03 | NOTE | |||
r-devel-linux-x86_64-fedora-gcc | 0.2.0 | 314.42 | NOTE | |||
r-devel-windows-x86_64 | 0.2.0 | 28.00 | 149.00 | 177.00 | OK | |
r-patched-linux-x86_64 | 0.2.0 | 27.31 | 206.09 | 233.40 | OK | |
r-release-linux-x86_64 | 0.2.0 | 25.77 | 204.58 | 230.35 | OK | |
r-release-macos-arm64 | 0.2.0 | 79.00 | OK | |||
r-release-macos-x86_64 | 0.2.0 | 195.00 | OK | |||
r-release-windows-x86_64 | 0.2.0 | 36.00 | 186.00 | 222.00 | OK | |
r-oldrel-macos-arm64 | 0.2.0 | 74.00 | OK | |||
r-oldrel-macos-x86_64 | 0.2.0 | 93.00 | OK | |||
r-oldrel-windows-x86_64 | 0.2.0 | 36.00 | 195.00 | 231.00 | OK |
Version: 0.2.0
Check: dependencies in R code
Result: NOTE
Namespace in Imports field not imported from: ‘tidyverse’
All declared Imports should be used.
Flavors: r-devel-linux-x86_64-fedora-clang, r-devel-linux-x86_64-fedora-gcc