CRAN Package Check Results for Package foodingraph

Last updated on 2024-02-22 05:01:45 CET.

Flavor Version Tinstall Tcheck Ttotal Status Flags
r-devel-linux-x86_64-debian-clang 0.1.0 NOTE
r-devel-linux-x86_64-debian-gcc 0.1.0 6.58 56.34 62.92 NOTE
r-devel-linux-x86_64-fedora-clang 0.1.0 101.68 NOTE
r-devel-linux-x86_64-fedora-gcc 0.1.0 314.63 NOTE
r-devel-windows-x86_64 0.1.0 8.00 74.00 82.00 NOTE
r-patched-linux-x86_64 0.1.0 11.00 70.77 81.77 NOTE
r-release-linux-x86_64 0.1.0 5.25 69.26 74.51 NOTE
r-release-macos-arm64 0.1.0 120.00 NOTE
r-release-macos-x86_64 0.1.0 159.00 NOTE
r-release-windows-x86_64 0.1.0 10.00 83.00 93.00 NOTE
r-oldrel-macos-arm64 0.1.0 109.00 NOTE
r-oldrel-windows-x86_64 0.1.0 12.00 91.00 103.00 NOTE

Check Details

Version: 0.1.0
Check: package subdirectories
Result: NOTE Problems with news in ‘NEWS.md’: No news entries found. Flavors: r-devel-linux-x86_64-debian-clang, r-devel-linux-x86_64-debian-gcc, r-devel-linux-x86_64-fedora-clang, r-devel-linux-x86_64-fedora-gcc, r-devel-windows-x86_64, r-patched-linux-x86_64, r-release-linux-x86_64, r-release-macos-arm64, r-release-macos-x86_64, r-release-windows-x86_64

Version: 0.1.0
Check: LazyData
Result: NOTE 'LazyData' is specified without a 'data' directory Flavors: r-devel-linux-x86_64-debian-clang, r-devel-linux-x86_64-debian-gcc, r-devel-linux-x86_64-fedora-clang, r-devel-linux-x86_64-fedora-gcc, r-devel-windows-x86_64, r-patched-linux-x86_64, r-release-linux-x86_64, r-release-macos-arm64, r-release-macos-x86_64, r-release-windows-x86_64, r-oldrel-macos-arm64, r-oldrel-windows-x86_64

Version: 0.1.0
Check: dependencies in R code
Result: NOTE Namespace in Imports field not imported from: ‘grid’ All declared Imports should be used. Flavors: r-devel-linux-x86_64-fedora-clang, r-devel-linux-x86_64-fedora-gcc, r-oldrel-macos-arm64

Version: 0.1.0
Check: package dependencies
Result: NOTE Package suggested but not available for checking: ‘minet’ Flavors: r-release-macos-x86_64, r-oldrel-macos-arm64