CRAN Package Check Results for Package fontquiver

Last updated on 2024-02-26 04:49:27 CET.

Flavor Version Tinstall Tcheck Ttotal Status Flags
r-devel-linux-x86_64-debian-clang 0.2.1 3.07 26.49 29.56 NOTE
r-devel-linux-x86_64-debian-gcc 0.2.1 2.14 20.29 22.43 NOTE
r-devel-linux-x86_64-fedora-clang 0.2.1 35.34 NOTE
r-devel-linux-x86_64-fedora-gcc 0.2.1 35.57 NOTE
r-devel-windows-x86_64 0.2.1 3.00 43.00 46.00 NOTE
r-patched-linux-x86_64 0.2.1 3.34 26.04 29.38 NOTE
r-release-linux-x86_64 0.2.1 2.34 25.41 27.75 NOTE
r-release-macos-arm64 0.2.1 17.00 NOTE
r-release-macos-x86_64 0.2.1 23.00 NOTE
r-release-windows-x86_64 0.2.1 4.00 44.00 48.00 NOTE
r-oldrel-macos-arm64 0.2.1 18.00 NOTE
r-oldrel-windows-x86_64 0.2.1 4.00 46.00 50.00 NOTE

Check Details

Version: 0.2.1
Check: LazyData
Result: NOTE 'LazyData' is specified without a 'data' directory Flavors: r-devel-linux-x86_64-debian-clang, r-devel-linux-x86_64-debian-gcc, r-devel-linux-x86_64-fedora-clang, r-devel-linux-x86_64-fedora-gcc, r-devel-windows-x86_64, r-patched-linux-x86_64, r-release-linux-x86_64, r-release-macos-arm64, r-release-macos-x86_64, r-release-windows-x86_64, r-oldrel-macos-arm64, r-oldrel-windows-x86_64