CRAN Package Check Results for Package focusedMDS

Last updated on 2024-02-26 04:49:27 CET.

Flavor Version Tinstall Tcheck Ttotal Status Flags
r-devel-linux-x86_64-debian-clang 1.3.3 3.52 27.59 31.11 NOTE
r-devel-linux-x86_64-debian-gcc 1.3.3 2.54 22.27 24.81 NOTE
r-devel-linux-x86_64-fedora-clang 1.3.3 38.10 NOTE
r-devel-linux-x86_64-fedora-gcc 1.3.3 39.40 NOTE
r-devel-windows-x86_64 1.3.3 4.00 42.00 46.00 NOTE
r-patched-linux-x86_64 1.3.3 1.99 27.39 29.38 NOTE
r-release-linux-x86_64 1.3.3 2.14 27.49 29.63 NOTE
r-release-macos-arm64 1.3.3 19.00 NOTE
r-release-macos-x86_64 1.3.3 24.00 NOTE
r-release-windows-x86_64 1.3.3 5.00 43.00 48.00 NOTE
r-oldrel-macos-arm64 1.3.3 18.00 NOTE
r-oldrel-windows-x86_64 1.3.3 6.00 45.00 51.00 NOTE

Check Details

Version: 1.3.3
Check: LazyData
Result: NOTE 'LazyData' is specified without a 'data' directory Flavors: r-devel-linux-x86_64-debian-clang, r-devel-linux-x86_64-debian-gcc, r-devel-linux-x86_64-fedora-clang, r-devel-linux-x86_64-fedora-gcc, r-devel-windows-x86_64, r-patched-linux-x86_64, r-release-linux-x86_64, r-release-macos-arm64, r-release-macos-x86_64, r-release-windows-x86_64, r-oldrel-macos-arm64, r-oldrel-windows-x86_64