Last updated on 2025-01-19 04:48:55 CET.
Flavor | Version | Tinstall | Tcheck | Ttotal | Status | Flags |
---|---|---|---|---|---|---|
r-devel-linux-x86_64-debian-clang | 0.3-2 | 21.43 | 73.08 | 94.51 | NOTE | |
r-devel-linux-x86_64-debian-gcc | 0.3-2 | 16.41 | 53.65 | 70.06 | NOTE | |
r-devel-linux-x86_64-fedora-clang | 0.3-2 | 150.73 | NOTE | |||
r-devel-linux-x86_64-fedora-gcc | 0.3-2 | 162.29 | NOTE | |||
r-devel-windows-x86_64 | 0.3-2 | 41.00 | 116.00 | 157.00 | OK | |
r-patched-linux-x86_64 | 0.3-2 | 21.08 | 67.32 | 88.40 | OK | |
r-release-linux-x86_64 | 0.3-2 | 20.41 | 67.00 | 87.41 | OK | |
r-release-macos-arm64 | 0.3-2 | 60.00 | OK | |||
r-release-macos-x86_64 | 0.3-2 | 107.00 | OK | |||
r-release-windows-x86_64 | 0.3-2 | 36.00 | 112.00 | 148.00 | OK | |
r-oldrel-macos-arm64 | 0.3-2 | 68.00 | OK | |||
r-oldrel-macos-x86_64 | 0.3-2 | 154.00 | OK | |||
r-oldrel-windows-x86_64 | 0.3-2 | 40.00 | 127.00 | 167.00 | OK |
Version: 0.3-2
Check: top-level files
Result: NOTE
possible bashism in configure.ac line 90 (test -a/-o):
if test "X${echo_ok}" = "Xyes" -a "X${grep_ok}" = "Xyes"; then
possible bashism in configure.ac line 112 (test -a/-o):
if test "X${HAVE_SP_LAPACK}" = "X" -o "X${HAVE_SP_LAPACK}" = "Xno"; then
possible bashism in configure.ac line 113 (test -a/-o):
if test "X${echo_ok}" = "Xyes" -a "X${grep_ok}" = "Xyes"; then
Flavors: r-devel-linux-x86_64-debian-clang, r-devel-linux-x86_64-debian-gcc, r-devel-linux-x86_64-fedora-clang, r-devel-linux-x86_64-fedora-gcc