CRAN Package Check Results for Package flipdownr

Last updated on 2024-02-27 16:49:16 CET.

Flavor Version Tinstall Tcheck Ttotal Status Flags
r-devel-linux-x86_64-debian-clang 0.1.1 1.37 20.19 21.56 NOTE
r-devel-linux-x86_64-debian-gcc 0.1.1 1.55 15.94 17.49 NOTE
r-devel-linux-x86_64-fedora-clang 0.1.1 28.19 NOTE
r-devel-linux-x86_64-fedora-gcc 0.1.1 27.91 NOTE
r-devel-windows-x86_64 0.1.1 3.00 37.00 40.00 NOTE
r-patched-linux-x86_64 0.1.1 2.14 20.13 22.27 NOTE
r-release-linux-x86_64 0.1.1 2.04 19.99 22.03 NOTE
r-release-macos-arm64 0.1.1 16.00 NOTE
r-release-macos-x86_64 0.1.1 19.00 NOTE
r-release-windows-x86_64 0.1.1 3.00 37.00 40.00 NOTE
r-oldrel-macos-arm64 0.1.1 16.00 NOTE
r-oldrel-windows-x86_64 0.1.1 3.00 40.00 43.00 NOTE

Check Details

Version: 0.1.1
Check: LazyData
Result: NOTE 'LazyData' is specified without a 'data' directory Flavors: r-devel-linux-x86_64-debian-clang, r-devel-linux-x86_64-debian-gcc, r-devel-linux-x86_64-fedora-clang, r-devel-linux-x86_64-fedora-gcc, r-devel-windows-x86_64, r-patched-linux-x86_64, r-release-linux-x86_64, r-release-macos-arm64, r-release-macos-x86_64, r-release-windows-x86_64, r-oldrel-macos-arm64, r-oldrel-windows-x86_64