CRAN Package Check Results for Package flifo

Last updated on 2024-04-20 16:54:16 CEST.

Flavor Version Tinstall Tcheck Ttotal Status Flags
r-devel-linux-x86_64-debian-clang 0.1.5 3.32 41.65 44.97 NOTE
r-devel-linux-x86_64-debian-gcc 0.1.5 2.98 31.57 34.55 NOTE
r-devel-linux-x86_64-fedora-clang 0.1.5 58.18 NOTE
r-devel-linux-x86_64-fedora-gcc 0.1.5 71.09 NOTE
r-prerel-macos-arm64 0.1.5 27.00 NOTE
r-prerel-windows-x86_64 0.1.5 5.00 52.00 57.00 NOTE
r-patched-linux-x86_64 0.1.5 4.61 40.11 44.72 NOTE
r-release-linux-x86_64 0.1.5 4.21 38.72 42.93 NOTE
r-release-macos-arm64 0.1.5 26.00 NOTE
r-release-macos-x86_64 0.1.5 41.00 NOTE
r-release-windows-x86_64 0.1.5 6.00 55.00 61.00 NOTE
r-oldrel-macos-arm64 0.1.5 21.00 NOTE
r-oldrel-windows-x86_64 0.1.5 7.00 60.00 67.00 NOTE

Check Details

Version: 0.1.5
Check: LazyData
Result: NOTE 'LazyData' is specified without a 'data' directory Flavors: r-devel-linux-x86_64-debian-clang, r-devel-linux-x86_64-debian-gcc, r-devel-linux-x86_64-fedora-clang, r-devel-linux-x86_64-fedora-gcc, r-prerel-macos-arm64, r-prerel-windows-x86_64, r-patched-linux-x86_64, r-release-linux-x86_64, r-release-macos-arm64, r-release-macos-x86_64, r-release-windows-x86_64, r-oldrel-macos-arm64, r-oldrel-windows-x86_64