CRAN Package Check Results for Package flexdashboard

Last updated on 2024-03-03 04:48:36 CET.

Flavor Version Tinstall Tcheck Ttotal Status Flags
r-devel-linux-x86_64-debian-clang 0.6.2 4.11 41.07 45.18 NOTE
r-devel-linux-x86_64-debian-gcc 0.6.2 2.88 32.14 35.02 NOTE
r-devel-linux-x86_64-fedora-clang 0.6.2 58.71 NOTE
r-devel-linux-x86_64-fedora-gcc 0.6.2 55.06 NOTE
r-devel-windows-x86_64 0.6.2 5.00 60.00 65.00 OK
r-patched-linux-x86_64 0.6.2 3.37 40.58 43.95 OK
r-release-linux-x86_64 0.6.2 4.71 41.02 45.73 OK
r-release-macos-arm64 0.6.2 21.00 OK
r-release-macos-x86_64 0.6.2 31.00 OK
r-release-windows-x86_64 0.6.2 8.00 63.00 71.00 OK
r-oldrel-macos-arm64 0.6.2 35.00 OK
r-oldrel-windows-x86_64 0.6.2 7.00 65.00 72.00 OK

Check Details

Version: 0.6.2
Check: Rd files
Result: NOTE checkRd: (-1) flex_dashboard.Rd:96: Lost braces; missing escapes or markup? 96 | the `{.storyboard}` attribute to individual pages rather than using the | ^ Flavors: r-devel-linux-x86_64-debian-clang, r-devel-linux-x86_64-debian-gcc, r-devel-linux-x86_64-fedora-clang, r-devel-linux-x86_64-fedora-gcc